{"id":1033,"date":"2016-10-09T16:13:42","date_gmt":"2016-10-09T15:13:42","guid":{"rendered":"http:\/\/www.amisdesjardinsfamiliauxdesaverne.fr\/?page_id=1033"},"modified":"2016-10-09T16:13:47","modified_gmt":"2016-10-09T15:13:47","slug":"le-relais-pour-la-vie","status":"publish","type":"page","link":"https:\/\/www.amisdesjardinsfamiliauxdesaverne.fr\/?page_id=1033","title":{"rendered":"Le relais pour la vie"},"content":{"rendered":"<p>L&rsquo;association\u00a0a particip\u00e9 \u00e0 l&rsquo;op\u00e9ration \u00ab\u00a0relais pour la vie\u00a0\u00bb organis\u00e9e par la ligue contre le cancer et la ville de Saverne le 12 juin 2016.<\/p>\n<p>Merci aux marcheurs.<\/p>\n<p><a href=\"https:\/\/www.amisdesjardinsfamiliauxdesaverne.fr\/wp-content\/uploads\/2016\/10\/equipe-marcheurs.jpg\"><img loading=\"lazy\" decoding=\"async\" class=\"alignnone wp-image-1034 colorbox-1033\" src=\"https:\/\/www.amisdesjardinsfamiliauxdesaverne.fr\/wp-content\/uploads\/2016\/10\/equipe-marcheurs-300x195.jpg\" alt=\"equipe-marcheurs\" width=\"264\" height=\"176\" \/><\/a>\u00a0\u00a0\u00a0\u00a0 <a href=\"https:\/\/www.amisdesjardinsfamiliauxdesaverne.fr\/wp-content\/uploads\/2016\/10\/final-e1476025966379.jpg\"><img loading=\"lazy\" decoding=\"async\" class=\"alignnone wp-image-1035 colorbox-1033\" src=\"https:\/\/www.amisdesjardinsfamiliauxdesaverne.fr\/wp-content\/uploads\/2016\/10\/final-e1476025966379-300x208.jpg\" alt=\"final\" width=\"253\" height=\"179\" \/><\/a><\/p>\n","protected":false},"excerpt":{"rendered":"<p>L&rsquo;association\u00a0a particip\u00e9 \u00e0 l&rsquo;op\u00e9ration \u00ab\u00a0relais pour la vie\u00a0\u00bb organis\u00e9e par la ligue contre le cancer et la ville de Saverne le 12 juin 2016. Merci aux marcheurs. \u00a0\u00a0\u00a0\u00a0<\/p>\n","protected":false},"author":1,"featured_media":0,"parent":0,"menu_order":0,"comment_status":"closed","ping_status":"closed","template":"","meta":{"footnotes":""},"class_list":["post-1033","page","type-page","status-publish","hentry"],"_links":{"self":[{"href":"https:\/\/www.amisdesjardinsfamiliauxdesaverne.fr\/index.php?rest_route=\/wp\/v2\/pages\/1033","targetHints":{"allow":["GET"]}}],"collection":[{"href":"https:\/\/www.amisdesjardinsfamiliauxdesaverne.fr\/index.php?rest_route=\/wp\/v2\/pages"}],"about":[{"href":"https:\/\/www.amisdesjardinsfamiliauxdesaverne.fr\/index.php?rest_route=\/wp\/v2\/types\/page"}],"author":[{"embeddable":true,"href":"https:\/\/www.amisdesjardinsfamiliauxdesaverne.fr\/index.php?rest_route=\/wp\/v2\/users\/1"}],"replies":[{"embeddable":true,"href":"https:\/\/www.amisdesjardinsfamiliauxdesaverne.fr\/index.php?rest_route=%2Fwp%2Fv2%2Fcomments&post=1033"}],"version-history":[{"count":1,"href":"https:\/\/www.amisdesjardinsfamiliauxdesaverne.fr\/index.php?rest_route=\/wp\/v2\/pages\/1033\/revisions"}],"predecessor-version":[{"id":1036,"href":"https:\/\/www.amisdesjardinsfamiliauxdesaverne.fr\/index.php?rest_route=\/wp\/v2\/pages\/1033\/revisions\/1036"}],"wp:attachment":[{"href":"https:\/\/www.amisdesjardinsfamiliauxdesaverne.fr\/index.php?rest_route=%2Fwp%2Fv2%2Fmedia&parent=1033"}],"curies":[{"name":"wp","href":"https:\/\/api.w.org\/{rel}","templated":true}]}}