{"id":1138,"date":"2017-02-20T11:07:29","date_gmt":"2017-02-20T10:07:29","guid":{"rendered":"http:\/\/www.amisdesjardinsfamiliauxdesaverne.fr\/?page_id=1138"},"modified":"2017-03-16T17:04:41","modified_gmt":"2017-03-16T16:04:41","slug":"ou-nous-trouver","status":"publish","type":"page","link":"https:\/\/www.amisdesjardinsfamiliauxdesaverne.fr\/?page_id=1138","title":{"rendered":"O\u00f9 nous trouver"},"content":{"rendered":"<p>Nos jardins se situent rue du Kochersberg \u00e0 Saverne, des deux c\u00f4t\u00e9s du cimeti\u00e8re.<\/p>\n<p>Le portail d&rsquo;entr\u00e9e, un peu en retrait de la route, entre la maison n\u00b0 6\u00a0et le parking du cimeti\u00e8re vous permet d&rsquo;acc\u00e9der aux\u00a0parcelles N\u00b0 1 \u00e0 31. Le chalet, si\u00e8ge de l&rsquo;association se trouve au bout de l&rsquo;all\u00e9e. (Un bon rep\u00e8re, l&rsquo;antenne de t\u00e9l\u00e9communication).<\/p>\n<p><a href=\"https:\/\/www.amisdesjardinsfamiliauxdesaverne.fr\/wp-content\/uploads\/2017\/02\/entree-e1487598902548.jpg\"><img loading=\"lazy\" decoding=\"async\" class=\"alignnone wp-image-1144 colorbox-1138\" src=\"https:\/\/www.amisdesjardinsfamiliauxdesaverne.fr\/wp-content\/uploads\/2017\/02\/entree-e1487598902548-241x300.jpg\" alt=\"\" width=\"182\" height=\"224\" \/><\/a>\u00a0\u00a0\u00a0\u00a0\u00a0\u00a0\u00a0\u00a0\u00a0\u00a0\u00a0\u00a0\u00a0\u00a0\u00a0\u00a0\u00a0 <a href=\"https:\/\/www.amisdesjardinsfamiliauxdesaverne.fr\/wp-content\/uploads\/2017\/02\/portail-entree-e1487598945510.jpg\"><img loading=\"lazy\" decoding=\"async\" class=\"alignnone wp-image-1146 colorbox-1138\" src=\"https:\/\/www.amisdesjardinsfamiliauxdesaverne.fr\/wp-content\/uploads\/2017\/02\/portail-entree-e1487598945510-300x169.jpg\" alt=\"\" width=\"285\" height=\"165\" \/><\/a><\/p>\n<p>Les deux portails situ\u00e9s du m\u00eame c\u00f4t\u00e9 de la route, un peu plus loin,\u00a0apr\u00e8s le cimeti\u00e8re en direction de la brasserie, permettent d&rsquo;acc\u00e9der aux\u00a0parcelles N\u00b0 32 \u00e0 93.<\/p>\n<p><a href=\"https:\/\/www.amisdesjardinsfamiliauxdesaverne.fr\/wp-content\/uploads\/2017\/02\/portail-entree-2-e1487599023941.jpg\"><img loading=\"lazy\" decoding=\"async\" class=\"size-medium wp-image-1147 aligncenter colorbox-1138\" src=\"https:\/\/www.amisdesjardinsfamiliauxdesaverne.fr\/wp-content\/uploads\/2017\/02\/portail-entree-2-e1487599023941-300x169.jpg\" alt=\"\" width=\"300\" height=\"169\" srcset=\"https:\/\/www.amisdesjardinsfamiliauxdesaverne.fr\/wp-content\/uploads\/2017\/02\/portail-entree-2-e1487599023941-300x169.jpg 300w, https:\/\/www.amisdesjardinsfamiliauxdesaverne.fr\/wp-content\/uploads\/2017\/02\/portail-entree-2-e1487599023941-768x432.jpg 768w, https:\/\/www.amisdesjardinsfamiliauxdesaverne.fr\/wp-content\/uploads\/2017\/02\/portail-entree-2-e1487599023941-500x281.jpg 500w, https:\/\/www.amisdesjardinsfamiliauxdesaverne.fr\/wp-content\/uploads\/2017\/02\/portail-entree-2-e1487599023941.jpg 865w\" sizes=\"auto, (max-width: 300px) 100vw, 300px\" \/><\/a><\/p>\n<p>Un chemin pi\u00e9ton qui passe derri\u00e8re le cimeti\u00e8re permet de passer d&rsquo;un c\u00f4t\u00e9 \u00e0 l&rsquo;autre du site.<\/p>\n<p>Pour vous rep\u00e9rer et avoir une vue a\u00e9rienne,\u00a0cliquez <a href=\"https:\/\/www.viamichelin.fr\/web\/Cartes-plans?address=6%20Rue%20du%20Kochersberg%2C%2067700%20Saverne\" target=\"_blank\">ici<\/a><\/p>\n","protected":false},"excerpt":{"rendered":"<p>Nos jardins se situent rue du Kochersberg \u00e0 Saverne, des deux c\u00f4t\u00e9s du cimeti\u00e8re. Le portail d&rsquo;entr\u00e9e, un peu en retrait de la route, entre la maison n\u00b0 6\u00a0et le parking du cimeti\u00e8re vous permet d&rsquo;acc\u00e9der aux\u00a0parcelles N\u00b0 1 \u00e0 &hellip; <a href=\"https:\/\/www.amisdesjardinsfamiliauxdesaverne.fr\/?page_id=1138\">Continuer la lecture <span class=\"meta-nav\">&rarr;<\/span><\/a><\/p>\n","protected":false},"author":1,"featured_media":0,"parent":0,"menu_order":0,"comment_status":"closed","ping_status":"closed","template":"","meta":{"footnotes":""},"class_list":["post-1138","page","type-page","status-publish","hentry"],"_links":{"self":[{"href":"https:\/\/www.amisdesjardinsfamiliauxdesaverne.fr\/index.php?rest_route=\/wp\/v2\/pages\/1138","targetHints":{"allow":["GET"]}}],"collection":[{"href":"https:\/\/www.amisdesjardinsfamiliauxdesaverne.fr\/index.php?rest_route=\/wp\/v2\/pages"}],"about":[{"href":"https:\/\/www.amisdesjardinsfamiliauxdesaverne.fr\/index.php?rest_route=\/wp\/v2\/types\/page"}],"author":[{"embeddable":true,"href":"https:\/\/www.amisdesjardinsfamiliauxdesaverne.fr\/index.php?rest_route=\/wp\/v2\/users\/1"}],"replies":[{"embeddable":true,"href":"https:\/\/www.amisdesjardinsfamiliauxdesaverne.fr\/index.php?rest_route=%2Fwp%2Fv2%2Fcomments&post=1138"}],"version-history":[{"count":13,"href":"https:\/\/www.amisdesjardinsfamiliauxdesaverne.fr\/index.php?rest_route=\/wp\/v2\/pages\/1138\/revisions"}],"predecessor-version":[{"id":1158,"href":"https:\/\/www.amisdesjardinsfamiliauxdesaverne.fr\/index.php?rest_route=\/wp\/v2\/pages\/1138\/revisions\/1158"}],"wp:attachment":[{"href":"https:\/\/www.amisdesjardinsfamiliauxdesaverne.fr\/index.php?rest_route=%2Fwp%2Fv2%2Fmedia&parent=1138"}],"curies":[{"name":"wp","href":"https:\/\/api.w.org\/{rel}","templated":true}]}}

Où nous trouver

<p>Nos jardins se situent rue du Kochersberg à Saverne, des deux côtés du cimetière.</p>
<p>Le portail d&rsquo;entrée, un peu en retrait de la route, entre la maison n° 6 et le parking du cimetière vous permet d&rsquo;accéder aux parcelles N° 1 à 31. Le chalet, siège de l&rsquo;association se trouve au bout de l&rsquo;allée. (Un bon repère, l&rsquo;antenne de télécommunication).</p>
<p><a href="https://www.amisdesjardinsfamiliauxdesaverne.fr/wp-content/uploads/2017/02/entree-e1487598902548.jpg"><img loading="lazy" decoding="async" class="alignnone wp-image-1144 colorbox-1138" src="https://www.amisdesjardinsfamiliauxdesaverne.fr/wp-content/uploads/2017/02/entree-e1487598902548-241x300.jpg" alt="" width="182" height="224" /></a>                  <a href="https://www.amisdesjardinsfamiliauxdesaverne.fr/wp-content/uploads/2017/02/portail-entree-e1487598945510.jpg"><img loading="lazy" decoding="async" class="alignnone wp-image-1146 colorbox-1138" src="https://www.amisdesjardinsfamiliauxdesaverne.fr/wp-content/uploads/2017/02/portail-entree-e1487598945510-300x169.jpg" alt="" width="285" height="165" /></a></p>
<p>Les deux portails situés du même côté de la route, un peu plus loin, après le cimetière en direction de la brasserie, permettent d&rsquo;accéder aux parcelles N° 32 à 93.</p>
<p><a href="https://www.amisdesjardinsfamiliauxdesaverne.fr/wp-content/uploads/2017/02/portail-entree-2-e1487599023941.jpg"><img loading="lazy" decoding="async" class="size-medium wp-image-1147 aligncenter colorbox-1138" src="https://www.amisdesjardinsfamiliauxdesaverne.fr/wp-content/uploads/2017/02/portail-entree-2-e1487599023941-300x169.jpg" alt="" width="300" height="169" srcset="https://www.amisdesjardinsfamiliauxdesaverne.fr/wp-content/uploads/2017/02/portail-entree-2-e1487599023941-300x169.jpg 300w, https://www.amisdesjardinsfamiliauxdesaverne.fr/wp-content/uploads/2017/02/portail-entree-2-e1487599023941-768x432.jpg 768w, https://www.amisdesjardinsfamiliauxdesaverne.fr/wp-content/uploads/2017/02/portail-entree-2-e1487599023941-500x281.jpg 500w, https://www.amisdesjardinsfamiliauxdesaverne.fr/wp-content/uploads/2017/02/portail-entree-2-e1487599023941.jpg 865w" sizes="auto, (max-width: 300px) 100vw, 300px" /></a></p>
<p>Un chemin piéton qui passe derrière le cimetière permet de passer d&rsquo;un côté à l&rsquo;autre du site.</p>
<p>Pour vous repérer et avoir une vue aérienne, cliquez <a href="https://www.viamichelin.fr/web/Cartes-plans?address=6%20Rue%20du%20Kochersberg%2C%2067700%20Saverne" target="_blank">ici</a></p>

<p>Nos jardins se situent rue du Kochersberg à Saverne, des deux côtés du cimetière. Le portail d&rsquo;entrée, un peu en retrait de la route, entre la maison n° 6 et le parking du cimetière vous permet d&rsquo;accéder aux parcelles N° 1 à &hellip; <a href="https://www.amisdesjardinsfamiliauxdesaverne.fr/?page_id=1138">Continuer la lecture <span class="meta-nav">&rarr;</span></a></p>
