{"id":1196,"date":"2017-08-01T19:29:11","date_gmt":"2017-08-01T18:29:11","guid":{"rendered":"http:\/\/www.amisdesjardinsfamiliauxdesaverne.fr\/?page_id=1196"},"modified":"2017-08-01T19:29:11","modified_gmt":"2017-08-01T18:29:11","slug":"sortie-a-donaueschingen-2","status":"publish","type":"page","link":"https:\/\/www.amisdesjardinsfamiliauxdesaverne.fr\/?page_id=1196","title":{"rendered":"Sortie \u00e0 Donaueschingen"},"content":{"rendered":"<p>Comme chaque ann\u00e9e, les jardiniers savernois ont rencontr\u00e9 leurs homologues de Donaueschingen. Cette ann\u00e9e, le 29 juillet, les jardiniers savernois se sont rendus en Allemagne. Rendez vous fut donn\u00e9 \u00e0 7h30 devant les jardins rue du Kochersberg.<\/p>\n<p>Une petite halte, dans la matin\u00e9e, \u00e0\u00a0 Schiltach dans la vall\u00e9e de la Kinzig a permis aux nombreux participants de d\u00e9couvrir un bourg tr\u00e8s pittoresque et son mus\u00e9e consacr\u00e9 au flottage du bois.<\/p>\n<p style=\"text-align: center;\"><a href=\"https:\/\/www.amisdesjardinsfamiliauxdesaverne.fr\/wp-content\/uploads\/2017\/08\/4-groupe-Schiltach.jpg\"><img loading=\"lazy\" decoding=\"async\" class=\"alignnone size-medium wp-image-1197 colorbox-1196\" src=\"https:\/\/www.amisdesjardinsfamiliauxdesaverne.fr\/wp-content\/uploads\/2017\/08\/4-groupe-Schiltach-300x177.jpg\" alt=\"\" width=\"300\" height=\"177\" srcset=\"https:\/\/www.amisdesjardinsfamiliauxdesaverne.fr\/wp-content\/uploads\/2017\/08\/4-groupe-Schiltach-300x177.jpg 300w, https:\/\/www.amisdesjardinsfamiliauxdesaverne.fr\/wp-content\/uploads\/2017\/08\/4-groupe-Schiltach-768x452.jpg 768w, https:\/\/www.amisdesjardinsfamiliauxdesaverne.fr\/wp-content\/uploads\/2017\/08\/4-groupe-Schiltach-500x294.jpg 500w, https:\/\/www.amisdesjardinsfamiliauxdesaverne.fr\/wp-content\/uploads\/2017\/08\/4-groupe-Schiltach.jpg 866w\" sizes=\"auto, (max-width: 300px) 100vw, 300px\" \/><\/a><\/p>\n<p>Le repas de midi pris chez nos amis, \u00e0\u00a0 Donaueschingen, a \u00e9t\u00e9 un moment de partage et d&rsquo;\u00e9changes.<\/p>\n<p>L&rsquo;apr\u00e8s midi a fut consacr\u00e9e en partie \u00e0\u00a0 la visite de la brasserie \u00ab\u00a0F\u00fcrstenberg\u00a0\u00bb pour les uns et \u00e0 la d\u00e9couverte du centre ville de Donaueschingen et de la fontaine du Danube pour les autres.<\/p>\n<p>Enfin, une petite collation a cl\u00f4tur\u00e9 cette belle journ\u00e9e avant le retour pour Saverne.<\/p>\n<p style=\"text-align: center;\"><a href=\"https:\/\/www.amisdesjardinsfamiliauxdesaverne.fr\/wp-content\/uploads\/2017\/08\/10-kaffee-kuchen-1.jpg\"><img loading=\"lazy\" decoding=\"async\" class=\"alignnone  wp-image-1198 colorbox-1196\" src=\"https:\/\/www.amisdesjardinsfamiliauxdesaverne.fr\/wp-content\/uploads\/2017\/08\/10-kaffee-kuchen-1-300x226.jpg\" alt=\"\" width=\"262\" height=\"200\" \/><\/a><\/p>\n<p>Rendez vous a \u00e9t\u00e9 donn\u00e9 \u00e0 nos amis allemands l&rsquo;ann\u00e9e prochaine \u00e0 Saverne<\/p>\n<p>Plus de photos dans la rubrique \u00ab\u00a0galerie photos\u00a0\u00bb<\/p>\n","protected":false},"excerpt":{"rendered":"<p>Comme chaque ann\u00e9e, les jardiniers savernois ont rencontr\u00e9 leurs homologues de Donaueschingen. Cette ann\u00e9e, le 29 juillet, les jardiniers savernois se sont rendus en Allemagne. Rendez vous fut donn\u00e9 \u00e0 7h30 devant les jardins rue du Kochersberg. Une petite halte, &hellip; <a href=\"https:\/\/www.amisdesjardinsfamiliauxdesaverne.fr\/?page_id=1196\">Continuer la lecture <span class=\"meta-nav\">&rarr;<\/span><\/a><\/p>\n","protected":false},"author":1,"featured_media":0,"parent":0,"menu_order":0,"comment_status":"closed","ping_status":"closed","template":"","meta":{"footnotes":""},"class_list":["post-1196","page","type-page","status-publish","hentry"],"_links":{"self":[{"href":"https:\/\/www.amisdesjardinsfamiliauxdesaverne.fr\/index.php?rest_route=\/wp\/v2\/pages\/1196","targetHints":{"allow":["GET"]}}],"collection":[{"href":"https:\/\/www.amisdesjardinsfamiliauxdesaverne.fr\/index.php?rest_route=\/wp\/v2\/pages"}],"about":[{"href":"https:\/\/www.amisdesjardinsfamiliauxdesaverne.fr\/index.php?rest_route=\/wp\/v2\/types\/page"}],"author":[{"embeddable":true,"href":"https:\/\/www.amisdesjardinsfamiliauxdesaverne.fr\/index.php?rest_route=\/wp\/v2\/users\/1"}],"replies":[{"embeddable":true,"href":"https:\/\/www.amisdesjardinsfamiliauxdesaverne.fr\/index.php?rest_route=%2Fwp%2Fv2%2Fcomments&post=1196"}],"version-history":[{"count":1,"href":"https:\/\/www.amisdesjardinsfamiliauxdesaverne.fr\/index.php?rest_route=\/wp\/v2\/pages\/1196\/revisions"}],"predecessor-version":[{"id":1199,"href":"https:\/\/www.amisdesjardinsfamiliauxdesaverne.fr\/index.php?rest_route=\/wp\/v2\/pages\/1196\/revisions\/1199"}],"wp:attachment":[{"href":"https:\/\/www.amisdesjardinsfamiliauxdesaverne.fr\/index.php?rest_route=%2Fwp%2Fv2%2Fmedia&parent=1196"}],"curies":[{"name":"wp","href":"https:\/\/api.w.org\/{rel}","templated":true}]}}