{"id":1201,"date":"2017-08-01T19:38:48","date_gmt":"2017-08-01T18:38:48","guid":{"rendered":"http:\/\/www.amisdesjardinsfamiliauxdesaverne.fr\/?page_id=1201"},"modified":"2017-08-01T19:38:48","modified_gmt":"2017-08-01T18:38:48","slug":"journee-decouverte-2","status":"publish","type":"page","link":"https:\/\/www.amisdesjardinsfamiliauxdesaverne.fr\/?page_id=1201","title":{"rendered":"journ\u00e9e d\u00e9couverte"},"content":{"rendered":"<p align=\"justify\">Le 21 mai, pour la deuxi\u00e8me ann\u00e9e cons\u00e9cutive, l&rsquo;association a ouvert ses portes au public pour faire d\u00e9couvrir les jardins familiaux de Saverne, rue du Kochersberg.<\/p>\n<p style=\"text-align: center;\" align=\"justify\"><a href=\"https:\/\/www.amisdesjardinsfamiliauxdesaverne.fr\/wp-content\/uploads\/2017\/08\/1.-Artistes.jpg\"><img loading=\"lazy\" decoding=\"async\" class=\"alignnone  wp-image-1202 colorbox-1201\" src=\"https:\/\/www.amisdesjardinsfamiliauxdesaverne.fr\/wp-content\/uploads\/2017\/08\/1.-Artistes-300x203.jpg\" alt=\"\" width=\"221\" height=\"152\" \/><\/a><\/p>\n<p align=\"justify\">Sur place, un troc plantes, de nombreux artistes r\u00e9partis sur tout le site et qui ont anim\u00e9 la journ\u00e9e , une initiation au sjoelbak et bien s\u00fbr une petite restauration ont fait le bonheur des nombreux visiteurs qui nous ont fait l&rsquo;honneur de r\u00e9pondre \u00c3\u00a0 notre invitation.<\/p>\n<p style=\"text-align: center;\" align=\"justify\"><a href=\"https:\/\/www.amisdesjardinsfamiliauxdesaverne.fr\/wp-content\/uploads\/2017\/08\/2.-sjoelbak.jpg\"><img loading=\"lazy\" decoding=\"async\" class=\"alignnone  wp-image-1203 colorbox-1201\" src=\"https:\/\/www.amisdesjardinsfamiliauxdesaverne.fr\/wp-content\/uploads\/2017\/08\/2.-sjoelbak-300x200.jpg\" alt=\"\" width=\"234\" height=\"159\" \/><\/a><\/p>\n<p align=\"justify\">Les amateurs de jardinage ont pu visiter les jardins, mais \u00e9galement trouver et \u00e9changer des plants cultiv\u00e9s dans notre nouvelle serre, install\u00e9e depuis l&rsquo;automne 2016, Un grand merci aux b\u00e9n\u00e9voles charg\u00e9s du projet serre.<\/p>\n<p style=\"text-align: center;\" align=\"justify\"><a href=\"https:\/\/www.amisdesjardinsfamiliauxdesaverne.fr\/wp-content\/uploads\/2017\/08\/4.-troc-plantes-2.jpeg\"><img loading=\"lazy\" decoding=\"async\" class=\"alignnone  wp-image-1204 colorbox-1201\" src=\"https:\/\/www.amisdesjardinsfamiliauxdesaverne.fr\/wp-content\/uploads\/2017\/08\/4.-troc-plantes-2-300x252.jpeg\" alt=\"\" width=\"226\" height=\"191\" srcset=\"https:\/\/www.amisdesjardinsfamiliauxdesaverne.fr\/wp-content\/uploads\/2017\/08\/4.-troc-plantes-2-300x252.jpeg 300w, https:\/\/www.amisdesjardinsfamiliauxdesaverne.fr\/wp-content\/uploads\/2017\/08\/4.-troc-plantes-2.jpeg 572w\" sizes=\"auto, (max-width: 226px) 100vw, 226px\" \/><\/a><\/p>\n<p align=\"justify\">Cette journ\u00e9e s&rsquo;est d\u00e9roul\u00e9e sous un soleil \u00e9clatant et a \u00e9t\u00e9 g\u00e9r\u00e9e de main de ma\u00eetre par les b\u00e9n\u00e9voles de l\u00a0&lsquo;association.<\/p>\n<p align=\"justify\">Rendez vous est pris pour le printemps prochain.<\/p>\n<p align=\"justify\">Plus de photos dans la rubrique \u00ab\u00a0galerie photos\u00a0\u00bb<\/p>\n","protected":false},"excerpt":{"rendered":"<p>Le 21 mai, pour la deuxi\u00e8me ann\u00e9e cons\u00e9cutive, l&rsquo;association a ouvert ses portes au public pour faire d\u00e9couvrir les jardins familiaux de Saverne, rue du Kochersberg. Sur place, un troc plantes, de nombreux artistes r\u00e9partis sur tout le site et &hellip; <a href=\"https:\/\/www.amisdesjardinsfamiliauxdesaverne.fr\/?page_id=1201\">Continuer la lecture <span class=\"meta-nav\">&rarr;<\/span><\/a><\/p>\n","protected":false},"author":1,"featured_media":0,"parent":0,"menu_order":0,"comment_status":"closed","ping_status":"closed","template":"","meta":{"footnotes":""},"class_list":["post-1201","page","type-page","status-publish","hentry"],"_links":{"self":[{"href":"https:\/\/www.amisdesjardinsfamiliauxdesaverne.fr\/index.php?rest_route=\/wp\/v2\/pages\/1201","targetHints":{"allow":["GET"]}}],"collection":[{"href":"https:\/\/www.amisdesjardinsfamiliauxdesaverne.fr\/index.php?rest_route=\/wp\/v2\/pages"}],"about":[{"href":"https:\/\/www.amisdesjardinsfamiliauxdesaverne.fr\/index.php?rest_route=\/wp\/v2\/types\/page"}],"author":[{"embeddable":true,"href":"https:\/\/www.amisdesjardinsfamiliauxdesaverne.fr\/index.php?rest_route=\/wp\/v2\/users\/1"}],"replies":[{"embeddable":true,"href":"https:\/\/www.amisdesjardinsfamiliauxdesaverne.fr\/index.php?rest_route=%2Fwp%2Fv2%2Fcomments&post=1201"}],"version-history":[{"count":1,"href":"https:\/\/www.amisdesjardinsfamiliauxdesaverne.fr\/index.php?rest_route=\/wp\/v2\/pages\/1201\/revisions"}],"predecessor-version":[{"id":1205,"href":"https:\/\/www.amisdesjardinsfamiliauxdesaverne.fr\/index.php?rest_route=\/wp\/v2\/pages\/1201\/revisions\/1205"}],"wp:attachment":[{"href":"https:\/\/www.amisdesjardinsfamiliauxdesaverne.fr\/index.php?rest_route=%2Fwp%2Fv2%2Fmedia&parent=1201"}],"curies":[{"name":"wp","href":"https:\/\/api.w.org\/{rel}","templated":true}]}}