{"id":300,"date":"2014-12-17T17:02:07","date_gmt":"2014-12-17T16:02:07","guid":{"rendered":"http:\/\/www.amisdesjardinsfamiliauxdesaverne.fr\/?page_id=300"},"modified":"2015-02-15T16:58:12","modified_gmt":"2015-02-15T15:58:12","slug":"le-calendrier-du-jardinier","status":"publish","type":"page","link":"https:\/\/www.amisdesjardinsfamiliauxdesaverne.fr\/?page_id=300","title":{"rendered":"Le calendrier du jardinier"},"content":{"rendered":"<p>Au jardin tout est question de saison.<\/p>\n<p>Travailler la terre, semer, planter, repiquer, arroser, tailler, d\u00e9sherber, r\u00e9colter, \u00e0 chaque t\u00e2che, le bon moment.<\/p>\n<p>Pour jardiner, il faut observer, conna\u00eetre les plantes qui se plaisent au jardin et qui pourront pousser sans avoir recours aux pesticides et aux engrais chimiques.<\/p>\n<p>Vous trouverez dans ce calendrier, des conseils pour r\u00e9aliser au bon moment les principaux travaux du jardin.<\/p>\n<p>Pour acc\u00e9der au calendrier, cliquez sur le lien: <a href=\"https:\/\/www.amisdesjardinsfamiliauxdesaverne.fr\/wp-content\/uploads\/2014\/12\/Calendrier-des-jardiniers-CREA-12-mois.pdf\">PDF<\/a><\/p>\n<p>&nbsp;<\/p>\n","protected":false},"excerpt":{"rendered":"<p>Au jardin tout est question de saison. Travailler la terre, semer, planter, repiquer, arroser, tailler, d\u00e9sherber, r\u00e9colter, \u00e0 chaque t\u00e2che, le bon moment. Pour jardiner, il faut observer, conna\u00eetre les plantes qui se plaisent au jardin et qui pourront pousser &hellip; <a href=\"https:\/\/www.amisdesjardinsfamiliauxdesaverne.fr\/?page_id=300\">Continuer la lecture <span class=\"meta-nav\">&rarr;<\/span><\/a><\/p>\n","protected":false},"author":1,"featured_media":0,"parent":0,"menu_order":0,"comment_status":"closed","ping_status":"closed","template":"","meta":{"footnotes":""},"class_list":["post-300","page","type-page","status-publish","hentry"],"_links":{"self":[{"href":"https:\/\/www.amisdesjardinsfamiliauxdesaverne.fr\/index.php?rest_route=\/wp\/v2\/pages\/300","targetHints":{"allow":["GET"]}}],"collection":[{"href":"https:\/\/www.amisdesjardinsfamiliauxdesaverne.fr\/index.php?rest_route=\/wp\/v2\/pages"}],"about":[{"href":"https:\/\/www.amisdesjardinsfamiliauxdesaverne.fr\/index.php?rest_route=\/wp\/v2\/types\/page"}],"author":[{"embeddable":true,"href":"https:\/\/www.amisdesjardinsfamiliauxdesaverne.fr\/index.php?rest_route=\/wp\/v2\/users\/1"}],"replies":[{"embeddable":true,"href":"https:\/\/www.amisdesjardinsfamiliauxdesaverne.fr\/index.php?rest_route=%2Fwp%2Fv2%2Fcomments&post=300"}],"version-history":[{"count":5,"href":"https:\/\/www.amisdesjardinsfamiliauxdesaverne.fr\/index.php?rest_route=\/wp\/v2\/pages\/300\/revisions"}],"predecessor-version":[{"id":323,"href":"https:\/\/www.amisdesjardinsfamiliauxdesaverne.fr\/index.php?rest_route=\/wp\/v2\/pages\/300\/revisions\/323"}],"wp:attachment":[{"href":"https:\/\/www.amisdesjardinsfamiliauxdesaverne.fr\/index.php?rest_route=%2Fwp%2Fv2%2Fmedia&parent=300"}],"curies":[{"name":"wp","href":"https:\/\/api.w.org\/{rel}","templated":true}]}}