{"id":373,"date":"2015-01-31T17:21:43","date_gmt":"2015-01-31T16:21:43","guid":{"rendered":"http:\/\/www.amisdesjardinsfamiliauxdesaverne.fr\/?page_id=373"},"modified":"2015-01-31T17:28:36","modified_gmt":"2015-01-31T16:28:36","slug":"le-patron-des-jardiniers","status":"publish","type":"page","link":"https:\/\/www.amisdesjardinsfamiliauxdesaverne.fr\/?page_id=373","title":{"rendered":"Le patron des jardiniers"},"content":{"rendered":"<p><strong>SAINT FIACRE, PATRON DES JARDINIERS<\/strong><\/p>\n<p>Saint Fiacre, moine irlandais pour les uns, fils d\u2019un roi d\u2019Ecosse pour les autres d\u00e9barqua en France au VI\u00e8me si\u00e8cle et s\u2019installa pr\u00e8s de Meaux en Brie ou il fonda un monast\u00e8re.<\/p>\n<p>Patron des jardiniers mais aussi gu\u00e9risseur, il est souvent repr\u00e9sent\u00e9 avec une b\u00eache dans la main droite et avec un livre dans la gauche.<\/p>\n<p><a href=\"https:\/\/www.amisdesjardinsfamiliauxdesaverne.fr\/wp-content\/uploads\/2015\/01\/images1.jpg\"><img loading=\"lazy\" decoding=\"async\" class=\"alignnone  wp-image-375 colorbox-373\" src=\"https:\/\/www.amisdesjardinsfamiliauxdesaverne.fr\/wp-content\/uploads\/2015\/01\/images1.jpg\" alt=\"images1\" width=\"109\" height=\"283\" \/><\/a>\u00a0\u00a0\u00a0\u00a0\u00a0 <a href=\"https:\/\/www.amisdesjardinsfamiliauxdesaverne.fr\/wp-content\/uploads\/2015\/01\/images.jpg\"><img loading=\"lazy\" decoding=\"async\" class=\"alignnone  wp-image-377 colorbox-373\" src=\"https:\/\/www.amisdesjardinsfamiliauxdesaverne.fr\/wp-content\/uploads\/2015\/01\/images.jpg\" alt=\"images\" width=\"164\" height=\"281\" \/><\/a>\u00a0 \u00a0 <a href=\"https:\/\/www.amisdesjardinsfamiliauxdesaverne.fr\/wp-content\/uploads\/2015\/01\/index.jpg\"><img loading=\"lazy\" decoding=\"async\" class=\"alignnone  wp-image-378 colorbox-373\" src=\"https:\/\/www.amisdesjardinsfamiliauxdesaverne.fr\/wp-content\/uploads\/2015\/01\/index.jpg\" alt=\"index\" width=\"226\" height=\"298\" \/><\/a><\/p>\n<p>C\u2019est sans doute \u00e0 cause des travaux de jardinage dont il occupait les loisirs que lui laissaient la pri\u00e8re et le service de Dieu que Saint Fiacre est regard\u00e9 comme le patron des jardiniers.<\/p>\n<p>Il est c\u00e9l\u00e9br\u00e9 le 30 ao\u00fbt.<\/p>\n","protected":false},"excerpt":{"rendered":"<p>SAINT FIACRE, PATRON DES JARDINIERS Saint Fiacre, moine irlandais pour les uns, fils d\u2019un roi d\u2019Ecosse pour les autres d\u00e9barqua en France au VI\u00e8me si\u00e8cle et s\u2019installa pr\u00e8s de Meaux en Brie ou il fonda un monast\u00e8re. Patron des jardiniers &hellip; <a href=\"https:\/\/www.amisdesjardinsfamiliauxdesaverne.fr\/?page_id=373\">Continuer la lecture <span class=\"meta-nav\">&rarr;<\/span><\/a><\/p>\n","protected":false},"author":1,"featured_media":0,"parent":0,"menu_order":0,"comment_status":"closed","ping_status":"closed","template":"","meta":{"footnotes":""},"class_list":["post-373","page","type-page","status-publish","hentry"],"_links":{"self":[{"href":"https:\/\/www.amisdesjardinsfamiliauxdesaverne.fr\/index.php?rest_route=\/wp\/v2\/pages\/373","targetHints":{"allow":["GET"]}}],"collection":[{"href":"https:\/\/www.amisdesjardinsfamiliauxdesaverne.fr\/index.php?rest_route=\/wp\/v2\/pages"}],"about":[{"href":"https:\/\/www.amisdesjardinsfamiliauxdesaverne.fr\/index.php?rest_route=\/wp\/v2\/types\/page"}],"author":[{"embeddable":true,"href":"https:\/\/www.amisdesjardinsfamiliauxdesaverne.fr\/index.php?rest_route=\/wp\/v2\/users\/1"}],"replies":[{"embeddable":true,"href":"https:\/\/www.amisdesjardinsfamiliauxdesaverne.fr\/index.php?rest_route=%2Fwp%2Fv2%2Fcomments&post=373"}],"version-history":[{"count":4,"href":"https:\/\/www.amisdesjardinsfamiliauxdesaverne.fr\/index.php?rest_route=\/wp\/v2\/pages\/373\/revisions"}],"predecessor-version":[{"id":380,"href":"https:\/\/www.amisdesjardinsfamiliauxdesaverne.fr\/index.php?rest_route=\/wp\/v2\/pages\/373\/revisions\/380"}],"wp:attachment":[{"href":"https:\/\/www.amisdesjardinsfamiliauxdesaverne.fr\/index.php?rest_route=%2Fwp%2Fv2%2Fmedia&parent=373"}],"curies":[{"name":"wp","href":"https:\/\/api.w.org\/{rel}","templated":true}]}}