{"id":392,"date":"2015-02-09T22:19:46","date_gmt":"2015-02-09T21:19:46","guid":{"rendered":"http:\/\/www.amisdesjardinsfamiliauxdesaverne.fr\/?page_id=392"},"modified":"2025-07-04T11:20:43","modified_gmt":"2025-07-04T10:20:43","slug":"composition-du-comite","status":"publish","type":"page","link":"https:\/\/www.amisdesjardinsfamiliauxdesaverne.fr\/?page_id=392","title":{"rendered":"Composition du comit\u00e9"},"content":{"rendered":"<p><strong>Composition du comit\u00e9 de l&rsquo;association \u00e0 compter du 18 Mars 2025 :<\/strong><\/p>\n<p>Pr\u00e9sidente : <strong>Mme Claudine EICH<\/strong><\/p>\n<p>Vice Pr\u00e9sident : <strong>Mme FlorenceGLAPSKA<\/strong><\/p>\n<p>Secr\u00e9taire :<strong> Mme Ginette PRINCE<\/strong><\/p>\n<p>Tr\u00e9sori\u00e8re : <strong>Mme Sylvie CONSTANS<\/strong><\/p>\n<p>Tr\u00e9sori\u00e8re\u00a0 adjointe :\u00a0<b> Mme Corinne PATARD DOLPHIN<\/b><\/p>\n<p>Assesseur : <strong>M.<\/strong>\u00a0 <strong>Antoine OSSWALD \u00a0(responsable des machines)<\/strong><\/p>\n<p>Assesseur : <strong>M. Rapha\u00ebl<\/strong>\u00a0 <strong>HUBER (adjoint au responsable des machines)<\/strong><\/p>\n<p>Assesseur <strong>: M. G\u00e9rard RUNTZ\u00a0(responsable approvisionnement eau)<\/strong><\/p>\n<p>Assesseur <strong>: M. Jean Paul MORTZ<\/strong><\/p>\n","protected":false},"excerpt":{"rendered":"<p>Composition du comit\u00e9 de l&rsquo;association \u00e0 compter du 18 Mars 2025 : Pr\u00e9sidente : Mme Claudine EICH Vice Pr\u00e9sident : Mme FlorenceGLAPSKA Secr\u00e9taire : Mme Ginette PRINCE Tr\u00e9sori\u00e8re : Mme Sylvie CONSTANS Tr\u00e9sori\u00e8re\u00a0 adjointe :\u00a0 Mme Corinne PATARD DOLPHIN Assesseur &hellip; <a href=\"https:\/\/www.amisdesjardinsfamiliauxdesaverne.fr\/?page_id=392\">Continuer la lecture <span class=\"meta-nav\">&rarr;<\/span><\/a><\/p>\n","protected":false},"author":1,"featured_media":0,"parent":0,"menu_order":0,"comment_status":"closed","ping_status":"closed","template":"","meta":{"footnotes":""},"class_list":["post-392","page","type-page","status-publish","hentry"],"_links":{"self":[{"href":"https:\/\/www.amisdesjardinsfamiliauxdesaverne.fr\/index.php?rest_route=\/wp\/v2\/pages\/392","targetHints":{"allow":["GET"]}}],"collection":[{"href":"https:\/\/www.amisdesjardinsfamiliauxdesaverne.fr\/index.php?rest_route=\/wp\/v2\/pages"}],"about":[{"href":"https:\/\/www.amisdesjardinsfamiliauxdesaverne.fr\/index.php?rest_route=\/wp\/v2\/types\/page"}],"author":[{"embeddable":true,"href":"https:\/\/www.amisdesjardinsfamiliauxdesaverne.fr\/index.php?rest_route=\/wp\/v2\/users\/1"}],"replies":[{"embeddable":true,"href":"https:\/\/www.amisdesjardinsfamiliauxdesaverne.fr\/index.php?rest_route=%2Fwp%2Fv2%2Fcomments&post=392"}],"version-history":[{"count":22,"href":"https:\/\/www.amisdesjardinsfamiliauxdesaverne.fr\/index.php?rest_route=\/wp\/v2\/pages\/392\/revisions"}],"predecessor-version":[{"id":64052,"href":"https:\/\/www.amisdesjardinsfamiliauxdesaverne.fr\/index.php?rest_route=\/wp\/v2\/pages\/392\/revisions\/64052"}],"wp:attachment":[{"href":"https:\/\/www.amisdesjardinsfamiliauxdesaverne.fr\/index.php?rest_route=%2Fwp%2Fv2%2Fmedia&parent=392"}],"curies":[{"name":"wp","href":"https:\/\/api.w.org\/{rel}","templated":true}]}}

Composition du comité

<p><strong>Composition du comité de l&rsquo;association à compter du 18 Mars 2025 :</strong></p>
<p>Présidente : <strong>Mme Claudine EICH</strong></p>
<p>Vice Président : <strong>Mme FlorenceGLAPSKA</strong></p>
<p>Secrétaire :<strong> Mme Ginette PRINCE</strong></p>
<p>Trésorière : <strong>Mme Sylvie CONSTANS</strong></p>
<p>Trésorière  adjointe : <b> Mme Corinne PATARD DOLPHIN</b></p>
<p>Assesseur : <strong>M.</strong>  <strong>Antoine OSSWALD  (responsable des machines)</strong></p>
<p>Assesseur : <strong>M. Raphaël</strong>  <strong>HUBER (adjoint au responsable des machines)</strong></p>
<p>Assesseur <strong>: M. Gérard RUNTZ (responsable approvisionnement eau)</strong></p>
<p>Assesseur <strong>: M. Jean Paul MORTZ</strong></p>

<p>Composition du comité de l&rsquo;association à compter du 18 Mars 2025 : Présidente : Mme Claudine EICH Vice Président : Mme FlorenceGLAPSKA Secrétaire : Mme Ginette PRINCE Trésorière : Mme Sylvie CONSTANS Trésorière  adjointe :  Mme Corinne PATARD DOLPHIN Assesseur &hellip; <a href="https://www.amisdesjardinsfamiliauxdesaverne.fr/?page_id=392">Continuer la lecture <span class="meta-nav">&rarr;</span></a></p>
