{"id":41,"date":"2014-06-16T22:01:51","date_gmt":"2014-06-16T21:01:51","guid":{"rendered":"http:\/\/www.amisdesjardinsfamiliauxdesaverne.fr?page_id=41"},"modified":"2022-04-02T21:06:18","modified_gmt":"2022-04-02T20:06:18","slug":"mot-e-la-presidente","status":"publish","type":"page","link":"https:\/\/www.amisdesjardinsfamiliauxdesaverne.fr\/?page_id=41","title":{"rendered":"Mot du pr\u00e9sident"},"content":{"rendered":"<p>Chers membres de l&rsquo;association des amis des jardins familiaux,<\/p>\n<p>suite \u00e0 la derni\u00e8re assembl\u00e9e g\u00e9n\u00e9rale du mois de mars 2022 et \u00e0 l&rsquo;\u00e9lection qui s&rsquo;en est suivie, la composition du comit\u00e9 directeur a \u00e9t\u00e9 l\u00e9g\u00e8rement modifi\u00e9e.<\/p>\n<p>Cette ann\u00e9e encore, nous essayerons de faire de notre mieux pour faire vivre et animer nos jardins, tant par la reprise des journ\u00e9es d\u00e9tente que par l&rsquo;implication dans les diff\u00e9rents domaines d\u00e9j\u00e0 connus (fourniture de produits divers, mise \u00e0 disposition de machines, entretien du site etc&#8230;).<\/p>\n<p>Nous comptons sur vous tous pour embellir le site et, au travers des manifestations organis\u00e9es, nous vous invitons \u00e0 poursuivre le partage, l&rsquo;entraide, la convivialit\u00e9 entre jardiniers.<\/p>\n<p>Je vous souhaite une agr\u00e9able saison de jardinage.<\/p>\n<p>Cordialement<\/p>\n<p>Patrick BERNHARDT<\/p>\n","protected":false},"excerpt":{"rendered":"<p>Chers membres de l&rsquo;association des amis des jardins familiaux, suite \u00e0 la derni\u00e8re assembl\u00e9e g\u00e9n\u00e9rale du mois de mars 2022 et \u00e0 l&rsquo;\u00e9lection qui s&rsquo;en est suivie, la composition du comit\u00e9 directeur a \u00e9t\u00e9 l\u00e9g\u00e8rement modifi\u00e9e. Cette ann\u00e9e encore, nous &hellip; <a href=\"https:\/\/www.amisdesjardinsfamiliauxdesaverne.fr\/?page_id=41\">Continuer la lecture <span class=\"meta-nav\">&rarr;<\/span><\/a><\/p>\n","protected":false},"author":1,"featured_media":0,"parent":0,"menu_order":0,"comment_status":"closed","ping_status":"open","template":"","meta":{"footnotes":""},"class_list":["post-41","page","type-page","status-publish","hentry"],"_links":{"self":[{"href":"https:\/\/www.amisdesjardinsfamiliauxdesaverne.fr\/index.php?rest_route=\/wp\/v2\/pages\/41","targetHints":{"allow":["GET"]}}],"collection":[{"href":"https:\/\/www.amisdesjardinsfamiliauxdesaverne.fr\/index.php?rest_route=\/wp\/v2\/pages"}],"about":[{"href":"https:\/\/www.amisdesjardinsfamiliauxdesaverne.fr\/index.php?rest_route=\/wp\/v2\/types\/page"}],"author":[{"embeddable":true,"href":"https:\/\/www.amisdesjardinsfamiliauxdesaverne.fr\/index.php?rest_route=\/wp\/v2\/users\/1"}],"replies":[{"embeddable":true,"href":"https:\/\/www.amisdesjardinsfamiliauxdesaverne.fr\/index.php?rest_route=%2Fwp%2Fv2%2Fcomments&post=41"}],"version-history":[{"count":7,"href":"https:\/\/www.amisdesjardinsfamiliauxdesaverne.fr\/index.php?rest_route=\/wp\/v2\/pages\/41\/revisions"}],"predecessor-version":[{"id":7549,"href":"https:\/\/www.amisdesjardinsfamiliauxdesaverne.fr\/index.php?rest_route=\/wp\/v2\/pages\/41\/revisions\/7549"}],"wp:attachment":[{"href":"https:\/\/www.amisdesjardinsfamiliauxdesaverne.fr\/index.php?rest_route=%2Fwp%2Fv2%2Fmedia&parent=41"}],"curies":[{"name":"wp","href":"https:\/\/api.w.org\/{rel}","templated":true}]}}