{"id":426,"date":"2015-02-15T13:48:43","date_gmt":"2015-02-15T12:48:43","guid":{"rendered":"http:\/\/www.amisdesjardinsfamiliauxdesaverne.fr\/?page_id=426"},"modified":"2016-03-03T21:10:59","modified_gmt":"2016-03-03T20:10:59","slug":"un-jardin-solidaire","status":"publish","type":"page","link":"https:\/\/www.amisdesjardinsfamiliauxdesaverne.fr\/?page_id=426","title":{"rendered":"Un jardin solidaire"},"content":{"rendered":"<p><span style=\"color: #000000; font-family: Times New Roman; font-size: medium;\">Un jardin solidaire<\/span><\/p>\n<p><span style=\"color: #000000; font-family: Times New Roman; font-size: medium;\">\u00a0U<\/span><span style=\"color: #000000; font-family: Times New Roman; font-size: medium;\">ne des parcelles des jardins familiaux de Saverne est cultiv\u00e9e par Bernard Holstein au b\u00e9n\u00e9fice de la Croix Rouge et de la Banque Alimentaire de l\u2019il\u00f4t du moulin.<\/span><\/p>\n<p><span style=\"color: #000000; font-family: Times New Roman; font-size: medium;\">\u00a0Notre ami <\/span><span style=\"color: #000000; font-family: Times New Roman; font-size: medium;\">Bernard a pris cette initiative, soutenu par l\u2019association en 2011. L\u2019id\u00e9e \u00e9tait de cultiver une parcelle disponible et de donner la r\u00e9colte \u00e0 une oeuvre de bienfaisance. Cela lui permet de s\u2019adonner \u00e0 sa passion, le jardinage et d\u2019en faire profiter des personnes dans le besoin.<\/span><\/p>\n<p><span style=\"color: #000000; font-family: Times New Roman; font-size: medium;\">\u00a0<\/span><span style=\"color: #000000; font-family: Times New Roman; font-size: medium;\">Depuis peu, d\u2019autres jardiniers le soutiennent dans sa d\u00e9marche en lui donnant \u00e9galement une part de leurs r\u00e9coltes en fonction de la saison. <\/span><\/p>\n<p><span style=\"color: #000000; font-family: Times New Roman; font-size: medium;\">\u00a0<\/span><span style=\"color: #000000; font-family: Times New Roman; font-size: medium;\">Un grand merci \u00e0 lui pour cette action de solidarit\u00e9 envers les plus d\u00e9munis.<\/span><\/p>\n<p><a href=\"https:\/\/www.amisdesjardinsfamiliauxdesaverne.fr\/wp-content\/uploads\/2014\/12\/recolte-3.jpg\"><img loading=\"lazy\" decoding=\"async\" class=\" wp-image-269 aligncenter colorbox-426\" src=\"https:\/\/www.amisdesjardinsfamiliauxdesaverne.fr\/wp-content\/uploads\/2014\/12\/recolte-3-225x300.jpg\" alt=\"recolte 3\" width=\"181\" height=\"238\" \/><\/a><\/p>\n<p>&nbsp;<\/p>\n","protected":false},"excerpt":{"rendered":"<p>Un jardin solidaire \u00a0Une des parcelles des jardins familiaux de Saverne est cultiv\u00e9e par Bernard Holstein au b\u00e9n\u00e9fice de la Croix Rouge et de la Banque Alimentaire de l\u2019il\u00f4t du moulin. \u00a0Notre ami Bernard a pris cette initiative, soutenu par &hellip; <a href=\"https:\/\/www.amisdesjardinsfamiliauxdesaverne.fr\/?page_id=426\">Continuer la lecture <span class=\"meta-nav\">&rarr;<\/span><\/a><\/p>\n","protected":false},"author":1,"featured_media":0,"parent":0,"menu_order":0,"comment_status":"closed","ping_status":"closed","template":"","meta":{"footnotes":""},"class_list":["post-426","page","type-page","status-publish","hentry"],"_links":{"self":[{"href":"https:\/\/www.amisdesjardinsfamiliauxdesaverne.fr\/index.php?rest_route=\/wp\/v2\/pages\/426","targetHints":{"allow":["GET"]}}],"collection":[{"href":"https:\/\/www.amisdesjardinsfamiliauxdesaverne.fr\/index.php?rest_route=\/wp\/v2\/pages"}],"about":[{"href":"https:\/\/www.amisdesjardinsfamiliauxdesaverne.fr\/index.php?rest_route=\/wp\/v2\/types\/page"}],"author":[{"embeddable":true,"href":"https:\/\/www.amisdesjardinsfamiliauxdesaverne.fr\/index.php?rest_route=\/wp\/v2\/users\/1"}],"replies":[{"embeddable":true,"href":"https:\/\/www.amisdesjardinsfamiliauxdesaverne.fr\/index.php?rest_route=%2Fwp%2Fv2%2Fcomments&post=426"}],"version-history":[{"count":3,"href":"https:\/\/www.amisdesjardinsfamiliauxdesaverne.fr\/index.php?rest_route=\/wp\/v2\/pages\/426\/revisions"}],"predecessor-version":[{"id":765,"href":"https:\/\/www.amisdesjardinsfamiliauxdesaverne.fr\/index.php?rest_route=\/wp\/v2\/pages\/426\/revisions\/765"}],"wp:attachment":[{"href":"https:\/\/www.amisdesjardinsfamiliauxdesaverne.fr\/index.php?rest_route=%2Fwp%2Fv2%2Fmedia&parent=426"}],"curies":[{"name":"wp","href":"https:\/\/api.w.org\/{rel}","templated":true}]}}

<p><span style="color: #000000; font-family: Times New Roman; font-size: medium;">Un jardin solidaire</span></p>
<p><span style="color: #000000; font-family: Times New Roman; font-size: medium;"> U</span><span style="color: #000000; font-family: Times New Roman; font-size: medium;">ne des parcelles des jardins familiaux de Saverne est cultivée par Bernard Holstein au bénéfice de la Croix Rouge et de la Banque Alimentaire de l’ilôt du moulin.</span></p>
<p><span style="color: #000000; font-family: Times New Roman; font-size: medium;"> Notre ami </span><span style="color: #000000; font-family: Times New Roman; font-size: medium;">Bernard a pris cette initiative, soutenu par l’association en 2011. L’idée était de cultiver une parcelle disponible et de donner la récolte à une oeuvre de bienfaisance. Cela lui permet de s’adonner à sa passion, le jardinage et d’en faire profiter des personnes dans le besoin.</span></p>
<p><span style="color: #000000; font-family: Times New Roman; font-size: medium;"> </span><span style="color: #000000; font-family: Times New Roman; font-size: medium;">Depuis peu, d’autres jardiniers le soutiennent dans sa démarche en lui donnant également une part de leurs récoltes en fonction de la saison. </span></p>
<p><span style="color: #000000; font-family: Times New Roman; font-size: medium;"> </span><span style="color: #000000; font-family: Times New Roman; font-size: medium;">Un grand merci à lui pour cette action de solidarité envers les plus démunis.</span></p>
<p><a href="https://www.amisdesjardinsfamiliauxdesaverne.fr/wp-content/uploads/2014/12/recolte-3.jpg"><img loading="lazy" decoding="async" class=" wp-image-269 aligncenter colorbox-426" src="https://www.amisdesjardinsfamiliauxdesaverne.fr/wp-content/uploads/2014/12/recolte-3-225x300.jpg" alt="recolte 3" width="181" height="238" /></a></p>
<p>&nbsp;</p>

<p>Un jardin solidaire  Une des parcelles des jardins familiaux de Saverne est cultivée par Bernard Holstein au bénéfice de la Croix Rouge et de la Banque Alimentaire de l’ilôt du moulin.  Notre ami Bernard a pris cette initiative, soutenu par &hellip; <a href="https://www.amisdesjardinsfamiliauxdesaverne.fr/?page_id=426">Continuer la lecture <span class="meta-nav">&rarr;</span></a></p>
