{"id":587,"date":"2015-07-13T08:24:47","date_gmt":"2015-07-13T07:24:47","guid":{"rendered":"http:\/\/www.amisdesjardinsfamiliauxdesaverne.fr\/?page_id=587"},"modified":"2015-07-13T08:24:47","modified_gmt":"2015-07-13T07:24:47","slug":"sortie-a-donaueschingen","status":"publish","type":"page","link":"https:\/\/www.amisdesjardinsfamiliauxdesaverne.fr\/?page_id=587","title":{"rendered":"Sortie \u00e0 Donaueschingen"},"content":{"rendered":"<p>Quelques photos souvenir de notre journ\u00e9e \u00e0 Donaueschingen. Apr\u00e8s une petite visite de Staufen, nos amis allemands nous ont accueillis \u00e0 Donaueschingen.<\/p>\n\n\t\t<style type=\"text\/css\">\n\t\t\t#gallery-1 {\n\t\t\t\tmargin: auto;\n\t\t\t}\n\t\t\t#gallery-1 .gallery-item {\n\t\t\t\tfloat: left;\n\t\t\t\tmargin-top: 10px;\n\t\t\t\ttext-align: center;\n\t\t\t\twidth: 33%;\n\t\t\t}\n\t\t\t#gallery-1 img {\n\t\t\t\tborder: 2px solid #cfcfcf;\n\t\t\t}\n\t\t\t#gallery-1 .gallery-caption {\n\t\t\t\tmargin-left: 0;\n\t\t\t}\n\t\t\t\/* see gallery_shortcode() in wp-includes\/media.php *\/\n\t\t<\/style>\n\t\t<div id='gallery-1' class='gallery galleryid-587 gallery-columns-3 gallery-size-thumbnail'><dl class='gallery-item'>\n\t\t\t<dt class='gallery-icon portrait'>\n\t\t\t\t<a href='https:\/\/www.amisdesjardinsfamiliauxdesaverne.fr\/wp-content\/uploads\/2015\/07\/arrivee-donau-e1436772069735.jpg'><img loading=\"lazy\" decoding=\"async\" width=\"150\" height=\"150\" src=\"https:\/\/www.amisdesjardinsfamiliauxdesaverne.fr\/wp-content\/uploads\/2015\/07\/arrivee-donau-e1436772069735-150x150.jpg\" class=\"attachment-thumbnail size-thumbnail colorbox-587 \" alt=\"\" \/><\/a>\n\t\t\t<\/dt><\/dl><dl class='gallery-item'>\n\t\t\t<dt class='gallery-icon landscape'>\n\t\t\t\t<a href='https:\/\/www.amisdesjardinsfamiliauxdesaverne.fr\/wp-content\/uploads\/2015\/07\/discours-3.jpg'><img loading=\"lazy\" decoding=\"async\" width=\"150\" height=\"150\" src=\"https:\/\/www.amisdesjardinsfamiliauxdesaverne.fr\/wp-content\/uploads\/2015\/07\/discours-3-150x150.jpg\" class=\"attachment-thumbnail size-thumbnail colorbox-587 \" alt=\"\" \/><\/a>\n\t\t\t<\/dt><\/dl><dl class='gallery-item'>\n\t\t\t<dt class='gallery-icon portrait'>\n\t\t\t\t<a href='https:\/\/www.amisdesjardinsfamiliauxdesaverne.fr\/wp-content\/uploads\/2015\/07\/discours-heinz-e1436772103548.jpg'><img loading=\"lazy\" decoding=\"async\" width=\"150\" height=\"150\" src=\"https:\/\/www.amisdesjardinsfamiliauxdesaverne.fr\/wp-content\/uploads\/2015\/07\/discours-heinz-e1436772103548-150x150.jpg\" class=\"attachment-thumbnail size-thumbnail colorbox-587 \" alt=\"\" \/><\/a>\n\t\t\t<\/dt><\/dl><br style=\"clear: both\" \/><dl class='gallery-item'>\n\t\t\t<dt class='gallery-icon landscape'>\n\t\t\t\t<a href='https:\/\/www.amisdesjardinsfamiliauxdesaverne.fr\/wp-content\/uploads\/2015\/07\/furstenberg.jpg'><img loading=\"lazy\" decoding=\"async\" width=\"150\" height=\"150\" src=\"https:\/\/www.amisdesjardinsfamiliauxdesaverne.fr\/wp-content\/uploads\/2015\/07\/furstenberg-150x150.jpg\" class=\"attachment-thumbnail size-thumbnail colorbox-587 \" alt=\"\" \/><\/a>\n\t\t\t<\/dt><\/dl><dl class='gallery-item'>\n\t\t\t<dt class='gallery-icon landscape'>\n\t\t\t\t<a href='https:\/\/www.amisdesjardinsfamiliauxdesaverne.fr\/wp-content\/uploads\/2015\/07\/guide-et-gardes-du-corps.jpg'><img loading=\"lazy\" decoding=\"async\" width=\"150\" height=\"150\" src=\"https:\/\/www.amisdesjardinsfamiliauxdesaverne.fr\/wp-content\/uploads\/2015\/07\/guide-et-gardes-du-corps-150x150.jpg\" class=\"attachment-thumbnail size-thumbnail colorbox-587 \" alt=\"\" \/><\/a>\n\t\t\t<\/dt><\/dl><dl class='gallery-item'>\n\t\t\t<dt class='gallery-icon portrait'>\n\t\t\t\t<a href='https:\/\/www.amisdesjardinsfamiliauxdesaverne.fr\/wp-content\/uploads\/2015\/07\/Guide-et-gardes.jpg'><img loading=\"lazy\" decoding=\"async\" width=\"150\" height=\"150\" src=\"https:\/\/www.amisdesjardinsfamiliauxdesaverne.fr\/wp-content\/uploads\/2015\/07\/Guide-et-gardes-150x150.jpg\" class=\"attachment-thumbnail size-thumbnail colorbox-587 \" alt=\"\" \/><\/a>\n\t\t\t<\/dt><\/dl><br style=\"clear: both\" \/><dl class='gallery-item'>\n\t\t\t<dt class='gallery-icon landscape'>\n\t\t\t\t<a href='https:\/\/www.amisdesjardinsfamiliauxdesaverne.fr\/wp-content\/uploads\/2015\/07\/jardins.jpg'><img loading=\"lazy\" decoding=\"async\" width=\"150\" height=\"150\" src=\"https:\/\/www.amisdesjardinsfamiliauxdesaverne.fr\/wp-content\/uploads\/2015\/07\/jardins-150x150.jpg\" class=\"attachment-thumbnail size-thumbnail colorbox-587 \" alt=\"\" \/><\/a>\n\t\t\t<\/dt><\/dl><dl class='gallery-item'>\n\t\t\t<dt class='gallery-icon landscape'>\n\t\t\t\t<a href='https:\/\/www.amisdesjardinsfamiliauxdesaverne.fr\/wp-content\/uploads\/2015\/07\/Kaffe-Kuchen.jpg'><img loading=\"lazy\" decoding=\"async\" width=\"150\" height=\"150\" src=\"https:\/\/www.amisdesjardinsfamiliauxdesaverne.fr\/wp-content\/uploads\/2015\/07\/Kaffe-Kuchen-150x150.jpg\" class=\"attachment-thumbnail size-thumbnail colorbox-587 \" alt=\"\" \/><\/a>\n\t\t\t<\/dt><\/dl><dl class='gallery-item'>\n\t\t\t<dt class='gallery-icon landscape'>\n\t\t\t\t<a href='https:\/\/www.amisdesjardinsfamiliauxdesaverne.fr\/wp-content\/uploads\/2015\/07\/pause-staufen-1.jpg'><img loading=\"lazy\" decoding=\"async\" width=\"150\" height=\"150\" src=\"https:\/\/www.amisdesjardinsfamiliauxdesaverne.fr\/wp-content\/uploads\/2015\/07\/pause-staufen-1-150x150.jpg\" class=\"attachment-thumbnail size-thumbnail colorbox-587 \" alt=\"\" \/><\/a>\n\t\t\t<\/dt><\/dl><br style=\"clear: both\" \/><dl class='gallery-item'>\n\t\t\t<dt class='gallery-icon landscape'>\n\t\t\t\t<a href='https:\/\/www.amisdesjardinsfamiliauxdesaverne.fr\/wp-content\/uploads\/2015\/07\/pause-staufen-2.jpg'><img loading=\"lazy\" decoding=\"async\" width=\"150\" height=\"150\" src=\"https:\/\/www.amisdesjardinsfamiliauxdesaverne.fr\/wp-content\/uploads\/2015\/07\/pause-staufen-2-150x150.jpg\" class=\"attachment-thumbnail size-thumbnail colorbox-587 \" alt=\"\" \/><\/a>\n\t\t\t<\/dt><\/dl><dl class='gallery-item'>\n\t\t\t<dt class='gallery-icon landscape'>\n\t\t\t\t<a href='https:\/\/www.amisdesjardinsfamiliauxdesaverne.fr\/wp-content\/uploads\/2015\/07\/pause-staufen.jpg'><img loading=\"lazy\" decoding=\"async\" width=\"150\" height=\"150\" src=\"https:\/\/www.amisdesjardinsfamiliauxdesaverne.fr\/wp-content\/uploads\/2015\/07\/pause-staufen-150x150.jpg\" class=\"attachment-thumbnail size-thumbnail colorbox-587 \" alt=\"\" \/><\/a>\n\t\t\t<\/dt><\/dl><dl class='gallery-item'>\n\t\t\t<dt class='gallery-icon landscape'>\n\t\t\t\t<a href='https:\/\/www.amisdesjardinsfamiliauxdesaverne.fr\/wp-content\/uploads\/2015\/07\/photo-groupe-1.jpg'><img loading=\"lazy\" decoding=\"async\" width=\"150\" height=\"150\" src=\"https:\/\/www.amisdesjardinsfamiliauxdesaverne.fr\/wp-content\/uploads\/2015\/07\/photo-groupe-1-150x150.jpg\" class=\"attachment-thumbnail size-thumbnail colorbox-587 \" alt=\"\" \/><\/a>\n\t\t\t<\/dt><\/dl><br style=\"clear: both\" \/><dl class='gallery-item'>\n\t\t\t<dt class='gallery-icon landscape'>\n\t\t\t\t<a href='https:\/\/www.amisdesjardinsfamiliauxdesaverne.fr\/wp-content\/uploads\/2015\/07\/repas-1.jpg'><img loading=\"lazy\" decoding=\"async\" width=\"150\" height=\"150\" src=\"https:\/\/www.amisdesjardinsfamiliauxdesaverne.fr\/wp-content\/uploads\/2015\/07\/repas-1-150x150.jpg\" class=\"attachment-thumbnail size-thumbnail colorbox-587 \" alt=\"\" \/><\/a>\n\t\t\t<\/dt><\/dl><dl class='gallery-item'>\n\t\t\t<dt class='gallery-icon landscape'>\n\t\t\t\t<a href='https:\/\/www.amisdesjardinsfamiliauxdesaverne.fr\/wp-content\/uploads\/2015\/07\/repas-2.jpg'><img loading=\"lazy\" decoding=\"async\" width=\"150\" height=\"150\" src=\"https:\/\/www.amisdesjardinsfamiliauxdesaverne.fr\/wp-content\/uploads\/2015\/07\/repas-2-150x150.jpg\" class=\"attachment-thumbnail size-thumbnail colorbox-587 \" alt=\"\" \/><\/a>\n\t\t\t<\/dt><\/dl><dl class='gallery-item'>\n\t\t\t<dt class='gallery-icon portrait'>\n\t\t\t\t<a href='https:\/\/www.amisdesjardinsfamiliauxdesaverne.fr\/wp-content\/uploads\/2015\/07\/repas-e1436772089930.jpg'><img loading=\"lazy\" decoding=\"async\" width=\"150\" height=\"150\" src=\"https:\/\/www.amisdesjardinsfamiliauxdesaverne.fr\/wp-content\/uploads\/2015\/07\/repas-e1436772089930-150x150.jpg\" class=\"attachment-thumbnail size-thumbnail colorbox-587 \" alt=\"\" \/><\/a>\n\t\t\t<\/dt><\/dl><br style=\"clear: both\" \/><dl class='gallery-item'>\n\t\t\t<dt class='gallery-icon landscape'>\n\t\t\t\t<a href='https:\/\/www.amisdesjardinsfamiliauxdesaverne.fr\/wp-content\/uploads\/2015\/07\/Staufen-11.jpg'><img loading=\"lazy\" decoding=\"async\" width=\"150\" height=\"150\" src=\"https:\/\/www.amisdesjardinsfamiliauxdesaverne.fr\/wp-content\/uploads\/2015\/07\/Staufen-11-150x150.jpg\" class=\"attachment-thumbnail size-thumbnail colorbox-587 \" alt=\"\" \/><\/a>\n\t\t\t<\/dt><\/dl><dl class='gallery-item'>\n\t\t\t<dt class='gallery-icon landscape'>\n\t\t\t\t<a href='https:\/\/www.amisdesjardinsfamiliauxdesaverne.fr\/wp-content\/uploads\/2015\/07\/Staufen10.jpg'><img loading=\"lazy\" decoding=\"async\" width=\"150\" height=\"150\" src=\"https:\/\/www.amisdesjardinsfamiliauxdesaverne.fr\/wp-content\/uploads\/2015\/07\/Staufen10-150x150.jpg\" class=\"attachment-thumbnail size-thumbnail colorbox-587 \" alt=\"\" \/><\/a>\n\t\t\t<\/dt><\/dl><dl class='gallery-item'>\n\t\t\t<dt class='gallery-icon landscape'>\n\t\t\t\t<a href='https:\/\/www.amisdesjardinsfamiliauxdesaverne.fr\/wp-content\/uploads\/2015\/07\/visite-Donaueschingen.jpg'><img loading=\"lazy\" decoding=\"async\" width=\"150\" height=\"150\" src=\"https:\/\/www.amisdesjardinsfamiliauxdesaverne.fr\/wp-content\/uploads\/2015\/07\/visite-Donaueschingen-150x150.jpg\" class=\"attachment-thumbnail size-thumbnail colorbox-587 \" alt=\"\" \/><\/a>\n\t\t\t<\/dt><\/dl><br style=\"clear: both\" \/>\n\t\t<\/div>\n\n","protected":false},"excerpt":{"rendered":"<p>Quelques photos souvenir de notre journ\u00e9e \u00e0 Donaueschingen. Apr\u00e8s une petite visite de Staufen, nos amis allemands nous ont accueillis \u00e0 Donaueschingen.<\/p>\n","protected":false},"author":1,"featured_media":0,"parent":0,"menu_order":0,"comment_status":"closed","ping_status":"closed","template":"","meta":{"footnotes":""},"class_list":["post-587","page","type-page","status-publish","hentry"],"_links":{"self":[{"href":"https:\/\/www.amisdesjardinsfamiliauxdesaverne.fr\/index.php?rest_route=\/wp\/v2\/pages\/587","targetHints":{"allow":["GET"]}}],"collection":[{"href":"https:\/\/www.amisdesjardinsfamiliauxdesaverne.fr\/index.php?rest_route=\/wp\/v2\/pages"}],"about":[{"href":"https:\/\/www.amisdesjardinsfamiliauxdesaverne.fr\/index.php?rest_route=\/wp\/v2\/types\/page"}],"author":[{"embeddable":true,"href":"https:\/\/www.amisdesjardinsfamiliauxdesaverne.fr\/index.php?rest_route=\/wp\/v2\/users\/1"}],"replies":[{"embeddable":true,"href":"https:\/\/www.amisdesjardinsfamiliauxdesaverne.fr\/index.php?rest_route=%2Fwp%2Fv2%2Fcomments&post=587"}],"version-history":[{"count":1,"href":"https:\/\/www.amisdesjardinsfamiliauxdesaverne.fr\/index.php?rest_route=\/wp\/v2\/pages\/587\/revisions"}],"predecessor-version":[{"id":608,"href":"https:\/\/www.amisdesjardinsfamiliauxdesaverne.fr\/index.php?rest_route=\/wp\/v2\/pages\/587\/revisions\/608"}],"wp:attachment":[{"href":"https:\/\/www.amisdesjardinsfamiliauxdesaverne.fr\/index.php?rest_route=%2Fwp%2Fv2%2Fmedia&parent=587"}],"curies":[{"name":"wp","href":"https:\/\/api.w.org\/{rel}","templated":true}]}}

Sortie à Donaueschingen

<p>Quelques photos souvenir de notre journée à Donaueschingen. Après une petite visite de Staufen, nos amis allemands nous ont accueillis à Donaueschingen.</p>

		<style type="text/css">
			#gallery-1 {
				margin: auto;
			}
			#gallery-1 .gallery-item {
				float: left;
				margin-top: 10px;
				text-align: center;
				width: 33%;
			}
			#gallery-1 img {
				border: 2px solid #cfcfcf;
			}
			#gallery-1 .gallery-caption {
				margin-left: 0;
			}
			/* see gallery_shortcode() in wp-includes/media.php */
		</style>
		<div id='gallery-1' class='gallery galleryid-587 gallery-columns-3 gallery-size-thumbnail'><dl class='gallery-item'>
			<dt class='gallery-icon portrait'>
				<a href='https://www.amisdesjardinsfamiliauxdesaverne.fr/wp-content/uploads/2015/07/arrivee-donau-e1436772069735.jpg'><img loading="lazy" decoding="async" width="150" height="150" src="https://www.amisdesjardinsfamiliauxdesaverne.fr/wp-content/uploads/2015/07/arrivee-donau-e1436772069735-150x150.jpg" class="attachment-thumbnail size-thumbnail colorbox-587 " alt="" /></a>
			</dt></dl><dl class='gallery-item'>
			<dt class='gallery-icon landscape'>
				<a href='https://www.amisdesjardinsfamiliauxdesaverne.fr/wp-content/uploads/2015/07/discours-3.jpg'><img loading="lazy" decoding="async" width="150" height="150" src="https://www.amisdesjardinsfamiliauxdesaverne.fr/wp-content/uploads/2015/07/discours-3-150x150.jpg" class="attachment-thumbnail size-thumbnail colorbox-587 " alt="" /></a>
			</dt></dl><dl class='gallery-item'>
			<dt class='gallery-icon portrait'>
				<a href='https://www.amisdesjardinsfamiliauxdesaverne.fr/wp-content/uploads/2015/07/discours-heinz-e1436772103548.jpg'><img loading="lazy" decoding="async" width="150" height="150" src="https://www.amisdesjardinsfamiliauxdesaverne.fr/wp-content/uploads/2015/07/discours-heinz-e1436772103548-150x150.jpg" class="attachment-thumbnail size-thumbnail colorbox-587 " alt="" /></a>
			</dt></dl><br style="clear: both" /><dl class='gallery-item'>
			<dt class='gallery-icon landscape'>
				<a href='https://www.amisdesjardinsfamiliauxdesaverne.fr/wp-content/uploads/2015/07/furstenberg.jpg'><img loading="lazy" decoding="async" width="150" height="150" src="https://www.amisdesjardinsfamiliauxdesaverne.fr/wp-content/uploads/2015/07/furstenberg-150x150.jpg" class="attachment-thumbnail size-thumbnail colorbox-587 " alt="" /></a>
			</dt></dl><dl class='gallery-item'>
			<dt class='gallery-icon landscape'>
				<a href='https://www.amisdesjardinsfamiliauxdesaverne.fr/wp-content/uploads/2015/07/guide-et-gardes-du-corps.jpg'><img loading="lazy" decoding="async" width="150" height="150" src="https://www.amisdesjardinsfamiliauxdesaverne.fr/wp-content/uploads/2015/07/guide-et-gardes-du-corps-150x150.jpg" class="attachment-thumbnail size-thumbnail colorbox-587 " alt="" /></a>
			</dt></dl><dl class='gallery-item'>
			<dt class='gallery-icon portrait'>
				<a href='https://www.amisdesjardinsfamiliauxdesaverne.fr/wp-content/uploads/2015/07/Guide-et-gardes.jpg'><img loading="lazy" decoding="async" width="150" height="150" src="https://www.amisdesjardinsfamiliauxdesaverne.fr/wp-content/uploads/2015/07/Guide-et-gardes-150x150.jpg" class="attachment-thumbnail size-thumbnail colorbox-587 " alt="" /></a>
			</dt></dl><br style="clear: both" /><dl class='gallery-item'>
			<dt class='gallery-icon landscape'>
				<a href='https://www.amisdesjardinsfamiliauxdesaverne.fr/wp-content/uploads/2015/07/jardins.jpg'><img loading="lazy" decoding="async" width="150" height="150" src="https://www.amisdesjardinsfamiliauxdesaverne.fr/wp-content/uploads/2015/07/jardins-150x150.jpg" class="attachment-thumbnail size-thumbnail colorbox-587 " alt="" /></a>
			</dt></dl><dl class='gallery-item'>
			<dt class='gallery-icon landscape'>
				<a href='https://www.amisdesjardinsfamiliauxdesaverne.fr/wp-content/uploads/2015/07/Kaffe-Kuchen.jpg'><img loading="lazy" decoding="async" width="150" height="150" src="https://www.amisdesjardinsfamiliauxdesaverne.fr/wp-content/uploads/2015/07/Kaffe-Kuchen-150x150.jpg" class="attachment-thumbnail size-thumbnail colorbox-587 " alt="" /></a>
			</dt></dl><dl class='gallery-item'>
			<dt class='gallery-icon landscape'>
				<a href='https://www.amisdesjardinsfamiliauxdesaverne.fr/wp-content/uploads/2015/07/pause-staufen-1.jpg'><img loading="lazy" decoding="async" width="150" height="150" src="https://www.amisdesjardinsfamiliauxdesaverne.fr/wp-content/uploads/2015/07/pause-staufen-1-150x150.jpg" class="attachment-thumbnail size-thumbnail colorbox-587 " alt="" /></a>
			</dt></dl><br style="clear: both" /><dl class='gallery-item'>
			<dt class='gallery-icon landscape'>
				<a href='https://www.amisdesjardinsfamiliauxdesaverne.fr/wp-content/uploads/2015/07/pause-staufen-2.jpg'><img loading="lazy" decoding="async" width="150" height="150" src="https://www.amisdesjardinsfamiliauxdesaverne.fr/wp-content/uploads/2015/07/pause-staufen-2-150x150.jpg" class="attachment-thumbnail size-thumbnail colorbox-587 " alt="" /></a>
			</dt></dl><dl class='gallery-item'>
			<dt class='gallery-icon landscape'>
				<a href='https://www.amisdesjardinsfamiliauxdesaverne.fr/wp-content/uploads/2015/07/pause-staufen.jpg'><img loading="lazy" decoding="async" width="150" height="150" src="https://www.amisdesjardinsfamiliauxdesaverne.fr/wp-content/uploads/2015/07/pause-staufen-150x150.jpg" class="attachment-thumbnail size-thumbnail colorbox-587 " alt="" /></a>
			</dt></dl><dl class='gallery-item'>
			<dt class='gallery-icon landscape'>
				<a href='https://www.amisdesjardinsfamiliauxdesaverne.fr/wp-content/uploads/2015/07/photo-groupe-1.jpg'><img loading="lazy" decoding="async" width="150" height="150" src="https://www.amisdesjardinsfamiliauxdesaverne.fr/wp-content/uploads/2015/07/photo-groupe-1-150x150.jpg" class="attachment-thumbnail size-thumbnail colorbox-587 " alt="" /></a>
			</dt></dl><br style="clear: both" /><dl class='gallery-item'>
			<dt class='gallery-icon landscape'>
				<a href='https://www.amisdesjardinsfamiliauxdesaverne.fr/wp-content/uploads/2015/07/repas-1.jpg'><img loading="lazy" decoding="async" width="150" height="150" src="https://www.amisdesjardinsfamiliauxdesaverne.fr/wp-content/uploads/2015/07/repas-1-150x150.jpg" class="attachment-thumbnail size-thumbnail colorbox-587 " alt="" /></a>
			</dt></dl><dl class='gallery-item'>
			<dt class='gallery-icon landscape'>
				<a href='https://www.amisdesjardinsfamiliauxdesaverne.fr/wp-content/uploads/2015/07/repas-2.jpg'><img loading="lazy" decoding="async" width="150" height="150" src="https://www.amisdesjardinsfamiliauxdesaverne.fr/wp-content/uploads/2015/07/repas-2-150x150.jpg" class="attachment-thumbnail size-thumbnail colorbox-587 " alt="" /></a>
			</dt></dl><dl class='gallery-item'>
			<dt class='gallery-icon portrait'>
				<a href='https://www.amisdesjardinsfamiliauxdesaverne.fr/wp-content/uploads/2015/07/repas-e1436772089930.jpg'><img loading="lazy" decoding="async" width="150" height="150" src="https://www.amisdesjardinsfamiliauxdesaverne.fr/wp-content/uploads/2015/07/repas-e1436772089930-150x150.jpg" class="attachment-thumbnail size-thumbnail colorbox-587 " alt="" /></a>
			</dt></dl><br style="clear: both" /><dl class='gallery-item'>
			<dt class='gallery-icon landscape'>
				<a href='https://www.amisdesjardinsfamiliauxdesaverne.fr/wp-content/uploads/2015/07/Staufen-11.jpg'><img loading="lazy" decoding="async" width="150" height="150" src="https://www.amisdesjardinsfamiliauxdesaverne.fr/wp-content/uploads/2015/07/Staufen-11-150x150.jpg" class="attachment-thumbnail size-thumbnail colorbox-587 " alt="" /></a>
			</dt></dl><dl class='gallery-item'>
			<dt class='gallery-icon landscape'>
				<a href='https://www.amisdesjardinsfamiliauxdesaverne.fr/wp-content/uploads/2015/07/Staufen10.jpg'><img loading="lazy" decoding="async" width="150" height="150" src="https://www.amisdesjardinsfamiliauxdesaverne.fr/wp-content/uploads/2015/07/Staufen10-150x150.jpg" class="attachment-thumbnail size-thumbnail colorbox-587 " alt="" /></a>
			</dt></dl><dl class='gallery-item'>
			<dt class='gallery-icon landscape'>
				<a href='https://www.amisdesjardinsfamiliauxdesaverne.fr/wp-content/uploads/2015/07/visite-Donaueschingen.jpg'><img loading="lazy" decoding="async" width="150" height="150" src="https://www.amisdesjardinsfamiliauxdesaverne.fr/wp-content/uploads/2015/07/visite-Donaueschingen-150x150.jpg" class="attachment-thumbnail size-thumbnail colorbox-587 " alt="" /></a>
			</dt></dl><br style="clear: both" />
		</div>

<p>Quelques photos souvenir de notre journée à Donaueschingen. Après une petite visite de Staufen, nos amis allemands nous ont accueillis à Donaueschingen.</p>
