{"id":59,"date":"2014-06-17T09:33:14","date_gmt":"2014-06-17T08:33:14","guid":{"rendered":"http:\/\/www.amisdesjardinsfamiliauxdesaverne.fr?page_id=59"},"modified":"2014-12-20T17:18:20","modified_gmt":"2014-12-20T16:18:20","slug":"associer-des-plantes-amies","status":"publish","type":"page","link":"https:\/\/www.amisdesjardinsfamiliauxdesaverne.fr\/?page_id=59","title":{"rendered":"Associer des plantes amies"},"content":{"rendered":"<p>Bien associer les plantes permet d&rsquo;obtenir de belles r\u00e9coltes.<\/p>\n<p>Les plantes ont des effets les unes sur les autres. Les substances s\u00e9cr\u00e9t\u00e9es par certaines plantes peuvent avoir des influences sur les plantes voisines.<\/p>\n<p>Mais quel l\u00e9gume aime la proximit\u00e9 de quel autre ?<\/p>\n<p>Quelles associations faut-il \u00e9viter ?<\/p>\n<p>Pour le v\u00e9rifier cliquer sur le lien ci-dessous<\/p>\n<p style=\"text-align: center;\"><a href=\"http:\/\/mag.plantes-et-jardins.com\/conseils-de-jardinage\/fiches-conseils\/bien-associer-les-legumes-au-potager\" target=\"_blank\">Lien vers le site<\/a><\/p>\n","protected":false},"excerpt":{"rendered":"<p>Bien associer les plantes permet d&rsquo;obtenir de belles r\u00e9coltes. Les plantes ont des effets les unes sur les autres. Les substances s\u00e9cr\u00e9t\u00e9es par certaines plantes peuvent avoir des influences sur les plantes voisines. Mais quel l\u00e9gume aime la proximit\u00e9 de &hellip; <a href=\"https:\/\/www.amisdesjardinsfamiliauxdesaverne.fr\/?page_id=59\">Continuer la lecture <span class=\"meta-nav\">&rarr;<\/span><\/a><\/p>\n","protected":false},"author":1,"featured_media":0,"parent":0,"menu_order":0,"comment_status":"closed","ping_status":"closed","template":"","meta":{"footnotes":""},"class_list":["post-59","page","type-page","status-publish","hentry"],"_links":{"self":[{"href":"https:\/\/www.amisdesjardinsfamiliauxdesaverne.fr\/index.php?rest_route=\/wp\/v2\/pages\/59","targetHints":{"allow":["GET"]}}],"collection":[{"href":"https:\/\/www.amisdesjardinsfamiliauxdesaverne.fr\/index.php?rest_route=\/wp\/v2\/pages"}],"about":[{"href":"https:\/\/www.amisdesjardinsfamiliauxdesaverne.fr\/index.php?rest_route=\/wp\/v2\/types\/page"}],"author":[{"embeddable":true,"href":"https:\/\/www.amisdesjardinsfamiliauxdesaverne.fr\/index.php?rest_route=\/wp\/v2\/users\/1"}],"replies":[{"embeddable":true,"href":"https:\/\/www.amisdesjardinsfamiliauxdesaverne.fr\/index.php?rest_route=%2Fwp%2Fv2%2Fcomments&post=59"}],"version-history":[{"count":7,"href":"https:\/\/www.amisdesjardinsfamiliauxdesaverne.fr\/index.php?rest_route=\/wp\/v2\/pages\/59\/revisions"}],"predecessor-version":[{"id":318,"href":"https:\/\/www.amisdesjardinsfamiliauxdesaverne.fr\/index.php?rest_route=\/wp\/v2\/pages\/59\/revisions\/318"}],"wp:attachment":[{"href":"https:\/\/www.amisdesjardinsfamiliauxdesaverne.fr\/index.php?rest_route=%2Fwp%2Fv2%2Fmedia&parent=59"}],"curies":[{"name":"wp","href":"https:\/\/api.w.org\/{rel}","templated":true}]}}

<p>Bien associer les plantes permet d&rsquo;obtenir de belles récoltes.</p>
<p>Les plantes ont des effets les unes sur les autres. Les substances sécrétées par certaines plantes peuvent avoir des influences sur les plantes voisines.</p>
<p>Mais quel légume aime la proximité de quel autre ?</p>
<p>Quelles associations faut-il éviter ?</p>
<p>Pour le vérifier cliquer sur le lien ci-dessous</p>
<p style="text-align: center;"><a href="http://mag.plantes-et-jardins.com/conseils-de-jardinage/fiches-conseils/bien-associer-les-legumes-au-potager" target="_blank">Lien vers le site</a></p>

<p>Bien associer les plantes permet d&rsquo;obtenir de belles récoltes. Les plantes ont des effets les unes sur les autres. Les substances sécrétées par certaines plantes peuvent avoir des influences sur les plantes voisines. Mais quel légume aime la proximité de &hellip; <a href="https://www.amisdesjardinsfamiliauxdesaverne.fr/?page_id=59">Continuer la lecture <span class="meta-nav">&rarr;</span></a></p>
