{"id":68,"date":"2014-06-17T19:15:21","date_gmt":"2014-06-17T18:15:21","guid":{"rendered":"http:\/\/www.amisdesjardinsfamiliauxdesaverne.fr?page_id=68"},"modified":"2014-12-30T19:55:25","modified_gmt":"2014-12-30T18:55:25","slug":"meteo-locale","status":"publish","type":"page","link":"https:\/\/www.amisdesjardinsfamiliauxdesaverne.fr\/?page_id=68","title":{"rendered":"M\u00e9t\u00e9o locale"},"content":{"rendered":"<p>Pour suivre les pr\u00e9visions m\u00e9t\u00e9orologiques sur plusieurs jours, cliquez sur le lien ci-dessous:<\/p>\n<p style=\"text-align: center;\"><a href=\"http:\/\/www.meteofrance.com\/previsions-meteo-france\/saverne\/67700\" target=\"_blank\"><strong>M\u00e9t\u00e9o<\/strong><\/a><\/p>\n<p>&nbsp;<\/p>\n","protected":false},"excerpt":{"rendered":"<p>Pour suivre les pr\u00e9visions m\u00e9t\u00e9orologiques sur plusieurs jours, cliquez sur le lien ci-dessous: M\u00e9t\u00e9o &nbsp;<\/p>\n","protected":false},"author":1,"featured_media":0,"parent":0,"menu_order":0,"comment_status":"closed","ping_status":"closed","template":"","meta":{"footnotes":""},"class_list":["post-68","page","type-page","status-publish","hentry"],"_links":{"self":[{"href":"https:\/\/www.amisdesjardinsfamiliauxdesaverne.fr\/index.php?rest_route=\/wp\/v2\/pages\/68","targetHints":{"allow":["GET"]}}],"collection":[{"href":"https:\/\/www.amisdesjardinsfamiliauxdesaverne.fr\/index.php?rest_route=\/wp\/v2\/pages"}],"about":[{"href":"https:\/\/www.amisdesjardinsfamiliauxdesaverne.fr\/index.php?rest_route=\/wp\/v2\/types\/page"}],"author":[{"embeddable":true,"href":"https:\/\/www.amisdesjardinsfamiliauxdesaverne.fr\/index.php?rest_route=\/wp\/v2\/users\/1"}],"replies":[{"embeddable":true,"href":"https:\/\/www.amisdesjardinsfamiliauxdesaverne.fr\/index.php?rest_route=%2Fwp%2Fv2%2Fcomments&post=68"}],"version-history":[{"count":6,"href":"https:\/\/www.amisdesjardinsfamiliauxdesaverne.fr\/index.php?rest_route=\/wp\/v2\/pages\/68\/revisions"}],"predecessor-version":[{"id":344,"href":"https:\/\/www.amisdesjardinsfamiliauxdesaverne.fr\/index.php?rest_route=\/wp\/v2\/pages\/68\/revisions\/344"}],"wp:attachment":[{"href":"https:\/\/www.amisdesjardinsfamiliauxdesaverne.fr\/index.php?rest_route=%2Fwp%2Fv2%2Fmedia&parent=68"}],"curies":[{"name":"wp","href":"https:\/\/api.w.org\/{rel}","templated":true}]}}