{"id":86,"date":"2014-07-25T09:26:27","date_gmt":"2014-07-25T08:26:27","guid":{"rendered":"http:\/\/www.amisdesjardinsfamiliauxdesaverne.fr\/?page_id=86"},"modified":"2017-01-28T17:07:48","modified_gmt":"2017-01-28T16:07:48","slug":"nos-jardins","status":"publish","type":"page","link":"https:\/\/www.amisdesjardinsfamiliauxdesaverne.fr\/?page_id=86","title":{"rendered":"Nos jardins"},"content":{"rendered":"<p>L&rsquo;association compte 93 parcelles de 60\u00a0\u00e0\u00a0200 M2 r\u00e9parties des deux c\u00f4t\u00e9s du cimeti\u00e8re de Saverne.<\/p>\n<p>6 parcelles de moins de 69 m2, 33 parcelles de 70 \u00e0 89 m2, 3 parcelles de 90 \u00e0 129 m2, 48 parcelles de 130 \u00e0 169 m2 et enfin 3 parcelles de plus de 170 m2.<\/p>\n<p>C\u00f4t\u00e9 antenne, le chalet de l&rsquo;association et une nouvelle serre de 16 m2.<\/p>\n<p>44 places de stationnement \u00a0au total pour accueillir les voitures des jardiniers.<\/p>\n<p>Vous pouvez visualiser le plan du site en cliquant sur le lien &#8211; <a href=\"https:\/\/www.amisdesjardinsfamiliauxdesaverne.fr\/wp-content\/uploads\/2015\/01\/plan-du-site.pdf\">plan du site<\/a><\/p>\n<p>Chaque parcelle dispose:<\/p>\n<p>&#8211; d&rsquo;un cabanon,<\/p>\n<p>&#8211; d&rsquo;un r\u00e9cup\u00e9rateur d&rsquo;eau,<\/p>\n<p>&#8211; d&rsquo;un bac \u00e0 compost,<\/p>\n<p>Des nombreux points d&rsquo;eau accessibles via un compteur d&rsquo;eau individuel pour remplir les arrosoirs.<\/p>\n<div id=\"attachment_108\" style=\"width: 183px\" class=\"wp-caption alignnone\"><a href=\"https:\/\/www.amisdesjardinsfamiliauxdesaverne.fr\/wp-content\/uploads\/2014\/07\/borne-eau.jpg\"><img loading=\"lazy\" decoding=\"async\" aria-describedby=\"caption-attachment-108\" class=\"wp-image-108 colorbox-86\" src=\"https:\/\/www.amisdesjardinsfamiliauxdesaverne.fr\/wp-content\/uploads\/2014\/07\/borne-eau-225x300.jpg\" alt=\"Point d'eau accessible via un compteur individuel\" width=\"173\" height=\"228\" \/><\/a><p id=\"caption-attachment-108\" class=\"wp-caption-text\">Point d&rsquo;eau<\/p><\/div>\n","protected":false},"excerpt":{"rendered":"<p>L&rsquo;association compte 93 parcelles de 60\u00a0\u00e0\u00a0200 M2 r\u00e9parties des deux c\u00f4t\u00e9s du cimeti\u00e8re de Saverne. 6 parcelles de moins de 69 m2, 33 parcelles de 70 \u00e0 89 m2, 3 parcelles de 90 \u00e0 129 m2, 48 parcelles de 130 &hellip; <a href=\"https:\/\/www.amisdesjardinsfamiliauxdesaverne.fr\/?page_id=86\">Continuer la lecture <span class=\"meta-nav\">&rarr;<\/span><\/a><\/p>\n","protected":false},"author":1,"featured_media":0,"parent":0,"menu_order":0,"comment_status":"closed","ping_status":"closed","template":"","meta":{"footnotes":""},"class_list":["post-86","page","type-page","status-publish","hentry"],"_links":{"self":[{"href":"https:\/\/www.amisdesjardinsfamiliauxdesaverne.fr\/index.php?rest_route=\/wp\/v2\/pages\/86","targetHints":{"allow":["GET"]}}],"collection":[{"href":"https:\/\/www.amisdesjardinsfamiliauxdesaverne.fr\/index.php?rest_route=\/wp\/v2\/pages"}],"about":[{"href":"https:\/\/www.amisdesjardinsfamiliauxdesaverne.fr\/index.php?rest_route=\/wp\/v2\/types\/page"}],"author":[{"embeddable":true,"href":"https:\/\/www.amisdesjardinsfamiliauxdesaverne.fr\/index.php?rest_route=\/wp\/v2\/users\/1"}],"replies":[{"embeddable":true,"href":"https:\/\/www.amisdesjardinsfamiliauxdesaverne.fr\/index.php?rest_route=%2Fwp%2Fv2%2Fcomments&post=86"}],"version-history":[{"count":6,"href":"https:\/\/www.amisdesjardinsfamiliauxdesaverne.fr\/index.php?rest_route=\/wp\/v2\/pages\/86\/revisions"}],"predecessor-version":[{"id":1116,"href":"https:\/\/www.amisdesjardinsfamiliauxdesaverne.fr\/index.php?rest_route=\/wp\/v2\/pages\/86\/revisions\/1116"}],"wp:attachment":[{"href":"https:\/\/www.amisdesjardinsfamiliauxdesaverne.fr\/index.php?rest_route=%2Fwp%2Fv2%2Fmedia&parent=86"}],"curies":[{"name":"wp","href":"https:\/\/api.w.org\/{rel}","templated":true}]}}

<p>L&rsquo;association compte 93 parcelles de 60 à 200 M2 réparties des deux côtés du cimetière de Saverne.</p>
<p>6 parcelles de moins de 69 m2, 33 parcelles de 70 à 89 m2, 3 parcelles de 90 à 129 m2, 48 parcelles de 130 à 169 m2 et enfin 3 parcelles de plus de 170 m2.</p>
<p>Côté antenne, le chalet de l&rsquo;association et une nouvelle serre de 16 m2.</p>
<p>44 places de stationnement  au total pour accueillir les voitures des jardiniers.</p>
<p>Vous pouvez visualiser le plan du site en cliquant sur le lien &#8211; <a href="https://www.amisdesjardinsfamiliauxdesaverne.fr/wp-content/uploads/2015/01/plan-du-site.pdf">plan du site</a></p>
<p>Chaque parcelle dispose:</p>
<p>&#8211; d&rsquo;un cabanon,</p>
<p>&#8211; d&rsquo;un récupérateur d&rsquo;eau,</p>
<p>&#8211; d&rsquo;un bac à compost,</p>
<p>Des nombreux points d&rsquo;eau accessibles via un compteur d&rsquo;eau individuel pour remplir les arrosoirs.</p>
<div id="attachment_108" style="width: 183px" class="wp-caption alignnone"><a href="https://www.amisdesjardinsfamiliauxdesaverne.fr/wp-content/uploads/2014/07/borne-eau.jpg"><img loading="lazy" decoding="async" aria-describedby="caption-attachment-108" class="wp-image-108 colorbox-86" src="https://www.amisdesjardinsfamiliauxdesaverne.fr/wp-content/uploads/2014/07/borne-eau-225x300.jpg" alt="Point d'eau accessible via un compteur individuel" width="173" height="228" /></a><p id="caption-attachment-108" class="wp-caption-text">Point d&rsquo;eau</p></div>

<p>L&rsquo;association compte 93 parcelles de 60 à 200 M2 réparties des deux côtés du cimetière de Saverne. 6 parcelles de moins de 69 m2, 33 parcelles de 70 à 89 m2, 3 parcelles de 90 à 129 m2, 48 parcelles de 130 &hellip; <a href="https://www.amisdesjardinsfamiliauxdesaverne.fr/?page_id=86">Continuer la lecture <span class="meta-nav">&rarr;</span></a></p>
