{"id":873,"date":"2016-06-16T07:36:54","date_gmt":"2016-06-16T06:36:54","guid":{"rendered":"http:\/\/www.amisdesjardinsfamiliauxdesaverne.fr\/?page_id=873"},"modified":"2016-06-16T07:41:09","modified_gmt":"2016-06-16T06:41:09","slug":"traitements-biologiques","status":"publish","type":"page","link":"https:\/\/www.amisdesjardinsfamiliauxdesaverne.fr\/?page_id=873","title":{"rendered":"Traitements biologiques"},"content":{"rendered":"<p>Des solutions biologiques pour traiter les plantes contre des maladies ou des ravageurs. N&rsquo;oubliez pas qu&rsquo;ils doivent \u00eatre utilis\u00e9s avec parcimonie car ils ne sont pas exempts de risques sanitaires ou environnementaux.<\/p>\n<p>Pour acc\u00e9der \u00e0 la fiche conseil, cliquez <a href=\"https:\/\/www.amisdesjardinsfamiliauxdesaverne.fr\/wp-content\/uploads\/2016\/06\/purins-and-cie-2p.pdf\" target=\"_blank\">ici<\/a><\/p>\n","protected":false},"excerpt":{"rendered":"<p>Des solutions biologiques pour traiter les plantes contre des maladies ou des ravageurs. N&rsquo;oubliez pas qu&rsquo;ils doivent \u00eatre utilis\u00e9s avec parcimonie car ils ne sont pas exempts de risques sanitaires ou environnementaux. Pour acc\u00e9der \u00e0 la fiche conseil, cliquez ici<\/p>\n","protected":false},"author":1,"featured_media":0,"parent":0,"menu_order":0,"comment_status":"closed","ping_status":"closed","template":"","meta":{"footnotes":""},"class_list":["post-873","page","type-page","status-publish","hentry"],"_links":{"self":[{"href":"https:\/\/www.amisdesjardinsfamiliauxdesaverne.fr\/index.php?rest_route=\/wp\/v2\/pages\/873","targetHints":{"allow":["GET"]}}],"collection":[{"href":"https:\/\/www.amisdesjardinsfamiliauxdesaverne.fr\/index.php?rest_route=\/wp\/v2\/pages"}],"about":[{"href":"https:\/\/www.amisdesjardinsfamiliauxdesaverne.fr\/index.php?rest_route=\/wp\/v2\/types\/page"}],"author":[{"embeddable":true,"href":"https:\/\/www.amisdesjardinsfamiliauxdesaverne.fr\/index.php?rest_route=\/wp\/v2\/users\/1"}],"replies":[{"embeddable":true,"href":"https:\/\/www.amisdesjardinsfamiliauxdesaverne.fr\/index.php?rest_route=%2Fwp%2Fv2%2Fcomments&post=873"}],"version-history":[{"count":2,"href":"https:\/\/www.amisdesjardinsfamiliauxdesaverne.fr\/index.php?rest_route=\/wp\/v2\/pages\/873\/revisions"}],"predecessor-version":[{"id":877,"href":"https:\/\/www.amisdesjardinsfamiliauxdesaverne.fr\/index.php?rest_route=\/wp\/v2\/pages\/873\/revisions\/877"}],"wp:attachment":[{"href":"https:\/\/www.amisdesjardinsfamiliauxdesaverne.fr\/index.php?rest_route=%2Fwp%2Fv2%2Fmedia&parent=873"}],"curies":[{"name":"wp","href":"https:\/\/api.w.org\/{rel}","templated":true}]}}

<p>Des solutions biologiques pour traiter les plantes contre des maladies ou des ravageurs. N&rsquo;oubliez pas qu&rsquo;ils doivent être utilisés avec parcimonie car ils ne sont pas exempts de risques sanitaires ou environnementaux.</p>
<p>Pour accéder à la fiche conseil, cliquez <a href="https://www.amisdesjardinsfamiliauxdesaverne.fr/wp-content/uploads/2016/06/purins-and-cie-2p.pdf" target="_blank">ici</a></p>

<p>Des solutions biologiques pour traiter les plantes contre des maladies ou des ravageurs. N&rsquo;oubliez pas qu&rsquo;ils doivent être utilisés avec parcimonie car ils ne sont pas exempts de risques sanitaires ou environnementaux. Pour accéder à la fiche conseil, cliquez ici</p>
